Last updated on 2025-02-21 02:52:26 CET.
Flavor | Version | Tinstall | Tcheck | Ttotal | Status | Flags |
---|---|---|---|---|---|---|
r-devel-linux-x86_64-debian-clang | 0.2-3 | 9.09 | 60.62 | 69.71 | NOTE | |
r-devel-linux-x86_64-debian-gcc | 0.2-3 | 6.14 | 44.29 | 50.43 | NOTE | |
r-devel-linux-x86_64-fedora-clang | 0.2-3 | 114.80 | OK | |||
r-devel-linux-x86_64-fedora-gcc | 0.2-3 | 104.63 | OK | |||
r-devel-macos-arm64 | 0.2-3 | 32.00 | OK | |||
r-devel-macos-x86_64 | 0.2-3 | 58.00 | OK | |||
r-devel-windows-x86_64 | 0.2-3 | 9.00 | 78.00 | 87.00 | NOTE | |
r-patched-linux-x86_64 | 0.2-3 | 7.88 | 56.34 | 64.22 | OK | |
r-release-linux-x86_64 | 0.2-3 | 8.38 | 56.03 | 64.41 | OK | |
r-release-macos-arm64 | 0.2-3 | 33.00 | OK | |||
r-release-macos-x86_64 | 0.2-3 | 47.00 | OK | |||
r-release-windows-x86_64 | 0.2-3 | 9.00 | 71.00 | 80.00 | OK | |
r-oldrel-macos-arm64 | 0.2-3 | 39.00 | OK | |||
r-oldrel-macos-x86_64 | 0.2-3 | 54.00 | OK | |||
r-oldrel-windows-x86_64 | 0.2-3 | 8.00 | 76.00 | 84.00 | OK |
Version: 0.2-3
Check: Rd cross-references
Result: NOTE
Found the following Rd file(s) with Rd \link{} targets missing package
anchors:
predict.coxph_mpl.Rd: predict.coxph
Please provide package anchors for all Rd \link{} targets not in the
package itself and the base packages.
Flavors: r-devel-linux-x86_64-debian-clang, r-devel-linux-x86_64-debian-gcc, r-devel-windows-x86_64