Last updated on 2025-02-21 02:52:27 CET.
Flavor | Version | Tinstall | Tcheck | Ttotal | Status | Flags |
---|---|---|---|---|---|---|
r-devel-linux-x86_64-debian-clang | 1.1.0 | 92.97 | 111.08 | 204.05 | OK | |
r-devel-linux-x86_64-debian-gcc | 1.1.0 | 77.20 | 75.32 | 152.52 | OK | |
r-devel-linux-x86_64-fedora-clang | 1.1.0 | 373.17 | OK | |||
r-devel-linux-x86_64-fedora-gcc | 1.1.0 | 388.90 | OK | |||
r-devel-macos-arm64 | 1.1.0 | 90.00 | OK | |||
r-devel-macos-x86_64 | 1.1.0 | 204.00 | OK | |||
r-devel-windows-x86_64 | 1.1.0 | 86.00 | 146.00 | 232.00 | OK | |
r-patched-linux-x86_64 | 1.1.0 | 98.73 | 99.87 | 198.60 | OK | |
r-release-linux-x86_64 | 1.1.0 | 97.80 | 100.87 | 198.67 | OK | |
r-release-macos-arm64 | 1.1.0 | 89.00 | NOTE | |||
r-release-macos-x86_64 | 1.1.0 | 245.00 | NOTE | |||
r-release-windows-x86_64 | 1.1.0 | 90.00 | 149.00 | 239.00 | OK | |
r-oldrel-macos-arm64 | 1.1.0 | 101.00 | NOTE | |||
r-oldrel-macos-x86_64 | 1.1.0 | 200.00 | NOTE | |||
r-oldrel-windows-x86_64 | 1.1.0 | 114.00 | 175.00 | 289.00 | OK |
Version: 1.1.0
Check: installed package size
Result: NOTE
installed size is 25.0Mb
sub-directories of 1Mb or more:
libs 24.3Mb
Flavors: r-release-macos-arm64, r-release-macos-x86_64, r-oldrel-macos-arm64, r-oldrel-macos-x86_64