Last updated on 2025-02-18 02:50:51 CET.
Flavor | Version | Tinstall | Tcheck | Ttotal | Status | Flags |
---|---|---|---|---|---|---|
r-devel-linux-x86_64-debian-clang | 0.1.1 | 41.73 | 101.80 | 143.53 | NOTE | |
r-devel-linux-x86_64-debian-gcc | 0.1.1 | 27.58 | 74.59 | 102.17 | NOTE | |
r-devel-linux-x86_64-fedora-clang | 0.1.1 | 243.32 | NOTE | |||
r-devel-linux-x86_64-fedora-gcc | 0.1.1 | 256.90 | NOTE | |||
r-devel-macos-arm64 | 0.1.1 | 74.00 | NOTE | |||
r-devel-macos-x86_64 | 0.1.1 | 127.00 | NOTE | |||
r-devel-windows-x86_64 | 0.1.1 | 41.00 | 135.00 | 176.00 | NOTE | |
r-patched-linux-x86_64 | 0.1.1 | 38.86 | 94.33 | 133.19 | NOTE | |
r-release-linux-x86_64 | 0.1.1 | 39.71 | 95.13 | 134.84 | NOTE | |
r-release-macos-arm64 | 0.1.1 | 69.00 | NOTE | |||
r-release-macos-x86_64 | 0.1.1 | 106.00 | NOTE | |||
r-release-windows-x86_64 | 0.1.1 | 42.00 | 130.00 | 172.00 | NOTE | |
r-oldrel-macos-arm64 | 0.1.1 | 77.00 | NOTE | |||
r-oldrel-macos-x86_64 | 0.1.1 | 129.00 | NOTE | |||
r-oldrel-windows-x86_64 | 0.1.1 | 55.00 | 155.00 | 210.00 | NOTE |
Version: 0.1.1
Check: C++ specification
Result: NOTE
Specified C++11: please drop specification unless essential
Flavors: r-devel-linux-x86_64-debian-clang, r-devel-linux-x86_64-debian-gcc, r-devel-linux-x86_64-fedora-clang, r-devel-linux-x86_64-fedora-gcc, r-devel-macos-arm64, r-devel-macos-x86_64, r-devel-windows-x86_64, r-patched-linux-x86_64, r-release-linux-x86_64, r-release-macos-arm64, r-release-macos-x86_64, r-release-windows-x86_64, r-oldrel-macos-arm64, r-oldrel-macos-x86_64, r-oldrel-windows-x86_64