Last updated on 2025-02-21 02:52:27 CET.
Flavor | Version | Tinstall | Tcheck | Ttotal | Status | Flags |
---|---|---|---|---|---|---|
r-devel-linux-x86_64-debian-clang | 1.0.7 | 10.66 | 245.46 | 256.12 | OK | |
r-devel-linux-x86_64-debian-gcc | 1.0.7 | 9.93 | 160.87 | 170.80 | OK | |
r-devel-linux-x86_64-fedora-clang | 1.0.7 | 453.71 | OK | |||
r-devel-linux-x86_64-fedora-gcc | 1.0.7 | 486.30 | OK | |||
r-devel-macos-arm64 | 1.0.7 | 141.00 | OK | |||
r-devel-macos-x86_64 | 1.0.7 | 327.00 | OK | |||
r-devel-windows-x86_64 | 1.0.7 | 15.00 | 273.00 | 288.00 | OK | |
r-patched-linux-x86_64 | 1.0.7 | 9.90 | 248.09 | 257.99 | OK | |
r-release-linux-x86_64 | 1.0.7 | 9.97 | 245.38 | 255.35 | OK | |
r-release-macos-arm64 | 1.0.7 | 131.00 | NOTE | |||
r-release-macos-x86_64 | 1.0.7 | 263.00 | NOTE | |||
r-release-windows-x86_64 | 1.0.7 | 14.00 | 272.00 | 286.00 | NOTE | |
r-oldrel-macos-arm64 | 1.0.7 | 134.00 | NOTE | |||
r-oldrel-macos-x86_64 | 1.0.7 | 349.00 | NOTE | |||
r-oldrel-windows-x86_64 | 1.0.7 | 16.00 | 296.00 | 312.00 | NOTE |
Version: 1.0.7
Check: installed package size
Result: NOTE
installed size is 6.2Mb
sub-directories of 1Mb or more:
R 2.3Mb
extdata 3.1Mb
Flavors: r-release-macos-arm64, r-release-macos-x86_64, r-release-windows-x86_64, r-oldrel-macos-arm64, r-oldrel-macos-x86_64, r-oldrel-windows-x86_64