Last updated on 2025-05-14 02:50:28 CEST.
Flavor | Version | Tinstall | Tcheck | Ttotal | Status | Flags |
---|---|---|---|---|---|---|
r-devel-linux-x86_64-debian-clang | 3.2.1 | 7.71 | 63.79 | 71.50 | NOTE | |
r-devel-linux-x86_64-debian-gcc | 3.2.1 | 5.41 | 47.77 | 53.18 | ERROR | |
r-devel-linux-x86_64-fedora-clang | 3.3.0 | 116.67 | OK | |||
r-devel-linux-x86_64-fedora-gcc | 3.3.0 | 122.24 | OK | |||
r-devel-windows-x86_64 | 3.2.1 | 9.00 | 89.00 | 98.00 | ERROR | |
r-patched-linux-x86_64 | 3.2.1 | 9.77 | 59.39 | 69.16 | OK | |
r-release-linux-x86_64 | 3.2.1 | 7.38 | 58.61 | 65.99 | OK | |
r-release-macos-arm64 | 3.3.0 | 66.00 | ERROR | |||
r-release-macos-x86_64 | 3.3.0 | 101.00 | OK | |||
r-release-windows-x86_64 | 3.3.0 | 11.00 | 92.00 | 103.00 | OK | |
r-oldrel-macos-arm64 | 3.3.0 | 57.00 | ERROR | |||
r-oldrel-macos-x86_64 | 3.3.0 | 118.00 | OK | |||
r-oldrel-windows-x86_64 | 3.2.1 | 11.00 | 106.00 | 117.00 | OK |
Version: 3.2.1
Check: DESCRIPTION meta-information
Result: NOTE
Author field differs from that derived from Authors@R
Author: ‘Nicolas Frerebeau [aut, cre] (<https://orcid.org/0000-0001-5759-4944>), Brice Lebrun [art] (<https://orcid.org/0000-0001-7503-8685>, Logo designer), Matthew Peeples [ctb] (<https://orcid.org/0000-0003-4496-623X>), Ben Marwick [ctb] (<https://orcid.org/0000-0001-7879-4531>), Jean-Baptiste Fourvel [ctb] (<https://orcid.org/0000-0002-1061-4642>), Université Bordeaux Montaigne [fnd] (03pbgwk21), CNRS [fnd] (02feahw73)’
Authors@R: ‘Nicolas Frerebeau [aut, cre] (ORCID: <https://orcid.org/0000-0001-5759-4944>), Brice Lebrun [art] (ORCID: <https://orcid.org/0000-0001-7503-8685>, Logo designer), Matthew Peeples [ctb] (ORCID: <https://orcid.org/0000-0003-4496-623X>), Ben Marwick [ctb] (ORCID: <https://orcid.org/0000-0001-7879-4531>), Jean-Baptiste Fourvel [ctb] (ORCID: <https://orcid.org/0000-0002-1061-4642>), Université Bordeaux Montaigne [fnd] (ROR: <https://ror.org/03pbgwk21>), CNRS [fnd] (ROR: <https://ror.org/02feahw73>)’
Flavors: r-devel-linux-x86_64-debian-clang, r-devel-linux-x86_64-debian-gcc
Version: 3.2.1
Check: tests
Result: ERROR
Running ‘tinytest.R’ [1s/2s]
Running the tests in ‘tests/tinytest.R’ failed.
Complete output:
> if (requireNamespace("tinytest", quietly = TRUE)) {
+ ## Force tests to be executed if in dev release
+ ## (which we define as having a sub-release)
+ NOT_CRAN <- length(unclass(packageVersion("tabula"))[[1]]) == 4
+
+ tinytest::test_package("tabula", at_home = NOT_CRAN)
+ }
test_diversity.R.............. 0 tests
test_diversity.R.............. 0 tests
test_diversity.R.............. 0 tests
test_diversity.R.............. 0 tests
test_diversity.R.............. 10 tests <1b>[0;32mOK<1b>[0m
test_diversity.R.............. 10 tests <1b>[0;32mOK<1b>[0m
test_diversity.R.............. 11 tests <1b>[0;31m1 fails<1b>[0m
test_diversity.R.............. 11 tests <1b>[0;31m1 fails<1b>[0m
test_diversity.R.............. 12 tests <1b>[0;31m1 fails<1b>[0m
test_diversity.R.............. 12 tests <1b>[0;31m1 fails<1b>[0m
test_diversity.R.............. 20 tests <1b>[0;31m1 fails<1b>[0m
test_diversity.R.............. 20 tests <1b>[0;31m1 fails<1b>[0m
test_diversity.R.............. 21 tests <1b>[0;31m2 fails<1b>[0m
test_diversity.R.............. 21 tests <1b>[0;31m2 fails<1b>[0m
test_diversity.R.............. 22 tests <1b>[0;31m2 fails<1b>[0m
test_diversity.R.............. 22 tests <1b>[0;31m2 fails<1b>[0m
test_diversity.R.............. 22 tests <1b>[0;31m2 fails<1b>[0m
test_diversity.R.............. 23 tests <1b>[0;31m2 fails<1b>[0m
test_diversity.R.............. 24 tests <1b>[0;31m2 fails<1b>[0m
test_diversity.R.............. 25 tests <1b>[0;31m2 fails<1b>[0m
test_diversity.R.............. 25 tests <1b>[0;31m2 fails<1b>[0m
test_diversity.R.............. 26 tests <1b>[0;31m2 fails<1b>[0m
test_diversity.R.............. 27 tests <1b>[0;31m2 fails<1b>[0m
test_diversity.R.............. 28 tests <1b>[0;31m2 fails<1b>[0m
test_diversity.R.............. 29 tests <1b>[0;31m2 fails<1b>[0m
test_diversity.R.............. 30 tests <1b>[0;31m2 fails<1b>[0m
test_diversity.R.............. 30 tests <1b>[0;31m2 fails<1b>[0m <1b>[0;34m0.8s<1b>[0m
test_index.R.................. 0 tests
test_index.R.................. 1 tests <1b>[0;32mOK<1b>[0m
test_index.R.................. 2 tests <1b>[0;32mOK<1b>[0m
test_index.R.................. 3 tests <1b>[0;32mOK<1b>[0m
test_index.R.................. 4 tests <1b>[0;32mOK<1b>[0m
test_index.R.................. 5 tests <1b>[0;32mOK<1b>[0m
test_index.R.................. 6 tests <1b>[0;32mOK<1b>[0m
test_index.R.................. 7 tests <1b>[0;32mOK<1b>[0m
test_index.R.................. 8 tests <1b>[0;32mOK<1b>[0m
test_index.R.................. 9 tests <1b>[0;32mOK<1b>[0m
test_index.R.................. 10 tests <1b>[0;32mOK<1b>[0m
test_index.R.................. 10 tests <1b>[0;32mOK<1b>[0m
test_index.R.................. 11 tests <1b>[0;32mOK<1b>[0m
test_index.R.................. 11 tests <1b>[0;32mOK<1b>[0m
test_index.R.................. 12 tests <1b>[0;32mOK<1b>[0m
test_index.R.................. 13 tests <1b>[0;32mOK<1b>[0m
test_index.R.................. 13 tests <1b>[0;32mOK<1b>[0m
test_index.R.................. 14 tests <1b>[0;32mOK<1b>[0m
test_index.R.................. 15 tests <1b>[0;32mOK<1b>[0m
test_index.R.................. 15 tests <1b>[0;32mOK<1b>[0m
test_index.R.................. 16 tests <1b>[0;32mOK<1b>[0m
test_index.R.................. 17 tests <1b>[0;32mOK<1b>[0m
test_index.R.................. 18 tests <1b>[0;32mOK<1b>[0m
test_index.R.................. 18 tests <1b>[0;32mOK<1b>[0m
test_index.R.................. 19 tests <1b>[0;32mOK<1b>[0m
test_index.R.................. 19 tests <1b>[0;32mOK<1b>[0m
test_index.R.................. 19 tests <1b>[0;32mOK<1b>[0m
test_index.R.................. 19 tests <1b>[0;32mOK<1b>[0m
test_index.R.................. 20 tests <1b>[0;32mOK<1b>[0m
test_index.R.................. 20 tests <1b>[0;32mOK<1b>[0m
test_index.R.................. 21 tests <1b>[0;32mOK<1b>[0m
test_index.R.................. 22 tests <1b>[0;32mOK<1b>[0m
test_index.R.................. 23 tests <1b>[0;32mOK<1b>[0m
test_index.R.................. 24 tests <1b>[0;32mOK<1b>[0m
test_index.R.................. 24 tests <1b>[0;32mOK<1b>[0m
test_index.R.................. 24 tests <1b>[0;32mOK<1b>[0m
test_index.R.................. 25 tests <1b>[0;32mOK<1b>[0m
test_index.R.................. 25 tests <1b>[0;32mOK<1b>[0m
test_index.R.................. 26 tests <1b>[0;32mOK<1b>[0m
test_index.R.................. 27 tests <1b>[0;32mOK<1b>[0m
test_index.R.................. 28 tests <1b>[0;32mOK<1b>[0m
test_index.R.................. 29 tests <1b>[0;32mOK<1b>[0m
test_index.R.................. 30 tests <1b>[0;32mOK<1b>[0m
test_index.R.................. 31 tests <1b>[0;32mOK<1b>[0m
test_index.R.................. 31 tests <1b>[0;32mOK<1b>[0m
test_index.R.................. 31 tests <1b>[0;32mOK<1b>[0m
test_index.R.................. 32 tests <1b>[0;32mOK<1b>[0m
test_index.R.................. 32 tests <1b>[0;32mOK<1b>[0m
test_index.R.................. 33 tests <1b>[0;32mOK<1b>[0m
test_index.R.................. 33 tests <1b>[0;32mOK<1b>[0m
test_index.R.................. 34 tests <1b>[0;32mOK<1b>[0m
test_index.R.................. 34 tests <1b>[0;32mOK<1b>[0m
test_index.R.................. 35 tests <1b>[0;32mOK<1b>[0m
test_index.R.................. 35 tests <1b>[0;32mOK<1b>[0m
test_index.R.................. 35 tests <1b>[0;32mOK<1b>[0m
test_index.R.................. 35 tests <1b>[0;32mOK<1b>[0m
test_index.R.................. 36 tests <1b>[0;32mOK<1b>[0m
test_index.R.................. 37 tests <1b>[0;32mOK<1b>[0m
test_index.R.................. 38 tests <1b>[0;32mOK<1b>[0m
test_index.R.................. 39 tests <1b>[0;32mOK<1b>[0m
test_index.R.................. 40 tests <1b>[0;32mOK<1b>[0m
test_index.R.................. 41 tests <1b>[0;32mOK<1b>[0m
test_index.R.................. 42 tests <1b>[0;32mOK<1b>[0m
test_index.R.................. 43 tests <1b>[0;32mOK<1b>[0m
test_index.R.................. 43 tests <1b>[0;32mOK<1b>[0m
test_index.R.................. 43 tests <1b>[0;32mOK<1b>[0m
test_index.R.................. 43 tests <1b>[0;32mOK<1b>[0m
test_index.R.................. 44 tests <1b>[0;32mOK<1b>[0m
test_index.R.................. 45 tests <1b>[0;32mOK<1b>[0m
test_index.R.................. 46 tests <1b>[0;32mOK<1b>[0m
test_index.R.................. 47 tests <1b>[0;32mOK<1b>[0m
test_index.R.................. 48 tests <1b>[0;32mOK<1b>[0m
test_index.R.................. 48 tests <1b>[0;32mOK<1b>[0m
test_index.R.................. 49 tests <1b>[0;32mOK<1b>[0m <1b>[0;34m0.2s<1b>[0m
test_occurrence.R............. 0 tests
test_occurrence.R............. 0 tests
test_occurrence.R............. 0 tests
test_occurrence.R............. 1 tests <1b>[0;32mOK<1b>[0m
test_occurrence.R............. 1 tests <1b>[0;32mOK<1b>[0m
test_occurrence.R............. 1 tests <1b>[0;32mOK<1b>[0m
test_occurrence.R............. 2 tests <1b>[0;32mOK<1b>[0m
test_occurrence.R............. 2 tests <1b>[0;32mOK<1b>[0m <1b>[0;36m49ms<1b>[0m
test_plots.R.................. 0 tests <1b>[0;36m6ms<1b>[0m
test_rarefaction.R............ 0 tests
test_rarefaction.R............ 0 tests
test_rarefaction.R............ 0 tests
test_rarefaction.R............ 1 tests <1b>[0;32mOK<1b>[0m
test_rarefaction.R............ 1 tests <1b>[0;32mOK<1b>[0m <1b>[0;36m48ms<1b>[0m
test_richness.R............... 0 tests
test_richness.R............... 0 tests
test_richness.R............... 0 tests
test_richness.R............... 0 tests
test_richness.R............... 6 tests <1b>[0;32mOK<1b>[0m
test_richness.R............... 6 tests <1b>[0;32mOK<1b>[0m
test_richness.R............... 7 tests <1b>[0;31m1 fails<1b>[0m
test_richness.R............... 7 tests <1b>[0;31m1 fails<1b>[0m
test_richness.R............... 8 tests <1b>[0;31m1 fails<1b>[0m
test_richness.R............... 8 tests <1b>[0;31m1 fails<1b>[0m
test_richness.R............... 8 tests <1b>[0;31m1 fails<1b>[0m
test_richness.R............... 12 tests <1b>[0;31m1 fails<1b>[0m
test_richness.R............... 12 tests <1b>[0;31m1 fails<1b>[0m <1b>[0;34m0.1s<1b>[0m
test_similarity.R............. 0 tests <1b>[0;36m1ms<1b>[0m
test_statistics.R............. 0 tests
test_statistics.R............. 1 tests <1b>[0;32mOK<1b>[0m
test_statistics.R............. 2 tests <1b>[0;32mOK<1b>[0m
test_statistics.R............. 3 tests <1b>[0;32mOK<1b>[0m
test_statistics.R............. 4 tests <1b>[0;32mOK<1b>[0m
test_statistics.R............. 5 tests <1b>[0;32mOK<1b>[0m <1b>[0;36m9ms<1b>[0m
test_turnover.R............... 0 tests
test_turnover.R............... 0 tests
test_turnover.R............... 0 tests
test_turnover.R............... 6 tests <1b>[0;32mOK<1b>[0m <1b>[0;36m26ms<1b>[0m
----- FAILED[data]: test_diversity.R<15--15>
call| expect_equal_to_reference(boot, file = "_snaps/heterogeneity_bootstrap.rds")
diff| current does not match target read from _snaps/heterogeneity_bootstrap.rds
diff| Length mismatch: comparison on first 4 components
----- FAILED[data]: test_diversity.R<29--29>
call| expect_equal_to_reference(boot, file = "_snaps/evenness_bootstrap.rds")
diff| current does not match target read from _snaps/evenness_bootstrap.rds
diff| Length mismatch: comparison on first 4 components
----- FAILED[data]: test_richness.R<15--15>
call| expect_equal_to_reference(boot, file = "_snaps/richness_bootstrap.rds")
diff| current does not match target read from _snaps/richness_bootstrap.rds
diff| Length mismatch: comparison on first 4 components
Error: 3 out of 105 tests failed
In addition: There were 15 warnings (use warnings() to see them)
Execution halted
Flavor: r-devel-linux-x86_64-debian-gcc
Version: 3.2.1
Check: tests
Result: ERROR
Running 'tinytest.R' [2s]
Running the tests in 'tests/tinytest.R' failed.
Complete output:
> if (requireNamespace("tinytest", quietly = TRUE)) {
+ ## Force tests to be executed if in dev release
+ ## (which we define as having a sub-release)
+ NOT_CRAN <- length(unclass(packageVersion("tabula"))[[1]]) == 4
+
+ tinytest::test_package("tabula", at_home = NOT_CRAN)
+ }
test_diversity.R.............. 0 tests
test_diversity.R.............. 0 tests
test_diversity.R.............. 0 tests
test_diversity.R.............. 0 tests
test_diversity.R.............. 10 tests <1b>[0;32mOK<1b>[0m
test_diversity.R.............. 10 tests <1b>[0;32mOK<1b>[0m
test_diversity.R.............. 11 tests <1b>[0;31m1 fails<1b>[0m
test_diversity.R.............. 11 tests <1b>[0;31m1 fails<1b>[0m
test_diversity.R.............. 12 tests <1b>[0;31m1 fails<1b>[0m
test_diversity.R.............. 12 tests <1b>[0;31m1 fails<1b>[0m
test_diversity.R.............. 20 tests <1b>[0;31m1 fails<1b>[0m
test_diversity.R.............. 20 tests <1b>[0;31m1 fails<1b>[0m
test_diversity.R.............. 21 tests <1b>[0;31m2 fails<1b>[0m
test_diversity.R.............. 21 tests <1b>[0;31m2 fails<1b>[0m
test_diversity.R.............. 22 tests <1b>[0;31m2 fails<1b>[0m
test_diversity.R.............. 22 tests <1b>[0;31m2 fails<1b>[0m
test_diversity.R.............. 22 tests <1b>[0;31m2 fails<1b>[0m
test_diversity.R.............. 23 tests <1b>[0;31m2 fails<1b>[0m
test_diversity.R.............. 24 tests <1b>[0;31m2 fails<1b>[0m
test_diversity.R.............. 25 tests <1b>[0;31m2 fails<1b>[0m
test_diversity.R.............. 25 tests <1b>[0;31m2 fails<1b>[0m
test_diversity.R.............. 26 tests <1b>[0;31m2 fails<1b>[0m
test_diversity.R.............. 27 tests <1b>[0;31m2 fails<1b>[0m
test_diversity.R.............. 28 tests <1b>[0;31m2 fails<1b>[0m
test_diversity.R.............. 29 tests <1b>[0;31m2 fails<1b>[0m
test_diversity.R.............. 30 tests <1b>[0;31m2 fails<1b>[0m
test_diversity.R.............. 30 tests <1b>[0;31m2 fails<1b>[0m <1b>[0;34m0.5s<1b>[0m
test_index.R.................. 0 tests
test_index.R.................. 1 tests <1b>[0;32mOK<1b>[0m
test_index.R.................. 2 tests <1b>[0;32mOK<1b>[0m
test_index.R.................. 3 tests <1b>[0;32mOK<1b>[0m
test_index.R.................. 4 tests <1b>[0;32mOK<1b>[0m
test_index.R.................. 5 tests <1b>[0;32mOK<1b>[0m
test_index.R.................. 6 tests <1b>[0;32mOK<1b>[0m
test_index.R.................. 7 tests <1b>[0;32mOK<1b>[0m
test_index.R.................. 8 tests <1b>[0;32mOK<1b>[0m
test_index.R.................. 9 tests <1b>[0;32mOK<1b>[0m
test_index.R.................. 10 tests <1b>[0;32mOK<1b>[0m
test_index.R.................. 10 tests <1b>[0;32mOK<1b>[0m
test_index.R.................. 11 tests <1b>[0;32mOK<1b>[0m
test_index.R.................. 11 tests <1b>[0;32mOK<1b>[0m
test_index.R.................. 12 tests <1b>[0;32mOK<1b>[0m
test_index.R.................. 13 tests <1b>[0;32mOK<1b>[0m
test_index.R.................. 13 tests <1b>[0;32mOK<1b>[0m
test_index.R.................. 14 tests <1b>[0;32mOK<1b>[0m
test_index.R.................. 15 tests <1b>[0;32mOK<1b>[0m
test_index.R.................. 15 tests <1b>[0;32mOK<1b>[0m
test_index.R.................. 16 tests <1b>[0;32mOK<1b>[0m
test_index.R.................. 17 tests <1b>[0;32mOK<1b>[0m
test_index.R.................. 18 tests <1b>[0;32mOK<1b>[0m
test_index.R.................. 18 tests <1b>[0;32mOK<1b>[0m
test_index.R.................. 19 tests <1b>[0;32mOK<1b>[0m
test_index.R.................. 19 tests <1b>[0;32mOK<1b>[0m
test_index.R.................. 19 tests <1b>[0;32mOK<1b>[0m
test_index.R.................. 19 tests <1b>[0;32mOK<1b>[0m
test_index.R.................. 20 tests <1b>[0;32mOK<1b>[0m
test_index.R.................. 20 tests <1b>[0;32mOK<1b>[0m
test_index.R.................. 21 tests <1b>[0;32mOK<1b>[0m
test_index.R.................. 22 tests <1b>[0;32mOK<1b>[0m
test_index.R.................. 23 tests <1b>[0;32mOK<1b>[0m
test_index.R.................. 24 tests <1b>[0;32mOK<1b>[0m
test_index.R.................. 24 tests <1b>[0;32mOK<1b>[0m
test_index.R.................. 24 tests <1b>[0;32mOK<1b>[0m
test_index.R.................. 25 tests <1b>[0;32mOK<1b>[0m
test_index.R.................. 25 tests <1b>[0;32mOK<1b>[0m
test_index.R.................. 26 tests <1b>[0;32mOK<1b>[0m
test_index.R.................. 27 tests <1b>[0;32mOK<1b>[0m
test_index.R.................. 28 tests <1b>[0;32mOK<1b>[0m
test_index.R.................. 29 tests <1b>[0;32mOK<1b>[0m
test_index.R.................. 30 tests <1b>[0;32mOK<1b>[0m
test_index.R.................. 31 tests <1b>[0;32mOK<1b>[0m
test_index.R.................. 31 tests <1b>[0;32mOK<1b>[0m
test_index.R.................. 31 tests <1b>[0;32mOK<1b>[0m
test_index.R.................. 32 tests <1b>[0;32mOK<1b>[0m
test_index.R.................. 32 tests <1b>[0;32mOK<1b>[0m
test_index.R.................. 33 tests <1b>[0;32mOK<1b>[0m
test_index.R.................. 33 tests <1b>[0;32mOK<1b>[0m
test_index.R.................. 34 tests <1b>[0;32mOK<1b>[0m
test_index.R.................. 34 tests <1b>[0;32mOK<1b>[0m
test_index.R.................. 35 tests <1b>[0;32mOK<1b>[0m
test_index.R.................. 35 tests <1b>[0;32mOK<1b>[0m
test_index.R.................. 35 tests <1b>[0;32mOK<1b>[0m
test_index.R.................. 35 tests <1b>[0;32mOK<1b>[0m
test_index.R.................. 36 tests <1b>[0;32mOK<1b>[0m
test_index.R.................. 37 tests <1b>[0;32mOK<1b>[0m
test_index.R.................. 38 tests <1b>[0;32mOK<1b>[0m
test_index.R.................. 39 tests <1b>[0;32mOK<1b>[0m
test_index.R.................. 40 tests <1b>[0;32mOK<1b>[0m
test_index.R.................. 41 tests <1b>[0;32mOK<1b>[0m
test_index.R.................. 42 tests <1b>[0;32mOK<1b>[0m
test_index.R.................. 43 tests <1b>[0;32mOK<1b>[0m
test_index.R.................. 43 tests <1b>[0;32mOK<1b>[0m
test_index.R.................. 43 tests <1b>[0;32mOK<1b>[0m
test_index.R.................. 43 tests <1b>[0;32mOK<1b>[0m
test_index.R.................. 44 tests <1b>[0;32mOK<1b>[0m
test_index.R.................. 45 tests <1b>[0;32mOK<1b>[0m
test_index.R.................. 46 tests <1b>[0;32mOK<1b>[0m
test_index.R.................. 47 tests <1b>[0;32mOK<1b>[0m
test_index.R.................. 48 tests <1b>[0;32mOK<1b>[0m
test_index.R.................. 48 tests <1b>[0;32mOK<1b>[0m
test_index.R.................. 49 tests <1b>[0;32mOK<1b>[0m <1b>[0;34m0.2s<1b>[0m
test_occurrence.R............. 0 tests
test_occurrence.R............. 0 tests
test_occurrence.R............. 0 tests
test_occurrence.R............. 1 tests <1b>[0;32mOK<1b>[0m
test_occurrence.R............. 1 tests <1b>[0;32mOK<1b>[0m
test_occurrence.R............. 1 tests <1b>[0;32mOK<1b>[0m
test_occurrence.R............. 2 tests <1b>[0;32mOK<1b>[0m
test_occurrence.R............. 2 tests <1b>[0;32mOK<1b>[0m <1b>[0;36m37ms<1b>[0m
test_plots.R.................. 0 tests <1b>[0;36m3ms<1b>[0m
test_rarefaction.R............ 0 tests
test_rarefaction.R............ 0 tests
test_rarefaction.R............ 0 tests
test_rarefaction.R............ 1 tests <1b>[0;32mOK<1b>[0m
test_rarefaction.R............ 1 tests <1b>[0;32mOK<1b>[0m <1b>[0;36m56ms<1b>[0m
test_richness.R............... 0 tests
test_richness.R............... 0 tests
test_richness.R............... 0 tests
test_richness.R............... 0 tests
test_richness.R............... 6 tests <1b>[0;32mOK<1b>[0m
test_richness.R............... 6 tests <1b>[0;32mOK<1b>[0m
test_richness.R............... 7 tests <1b>[0;31m1 fails<1b>[0m
test_richness.R............... 7 tests <1b>[0;31m1 fails<1b>[0m
test_richness.R............... 8 tests <1b>[0;31m1 fails<1b>[0m
test_richness.R............... 8 tests <1b>[0;31m1 fails<1b>[0m
test_richness.R............... 8 tests <1b>[0;31m1 fails<1b>[0m
test_richness.R............... 12 tests <1b>[0;31m1 fails<1b>[0m
test_richness.R............... 12 tests <1b>[0;31m1 fails<1b>[0m <1b>[0;36m92ms<1b>[0m
test_similarity.R............. 0 tests <1b>[0;36m2ms<1b>[0m
test_statistics.R............. 0 tests
test_statistics.R............. 1 tests <1b>[0;32mOK<1b>[0m
test_statistics.R............. 2 tests <1b>[0;32mOK<1b>[0m
test_statistics.R............. 3 tests <1b>[0;32mOK<1b>[0m
test_statistics.R............. 4 tests <1b>[0;32mOK<1b>[0m
test_statistics.R............. 5 tests <1b>[0;32mOK<1b>[0m <1b>[0;36m13ms<1b>[0m
test_turnover.R............... 0 tests
test_turnover.R............... 0 tests
test_turnover.R............... 0 tests
test_turnover.R............... 6 tests <1b>[0;32mOK<1b>[0m <1b>[0;36m24ms<1b>[0m
----- FAILED[data]: test_diversity.R<15--15>
call| expect_equal_to_reference(boot, file = "_snaps/heterogeneity_bootstrap.rds")
diff| current does not match target read from _snaps/heterogeneity_bootstrap.rds
diff| Length mismatch: comparison on first 4 components
----- FAILED[data]: test_diversity.R<29--29>
call| expect_equal_to_reference(boot, file = "_snaps/evenness_bootstrap.rds")
diff| current does not match target read from _snaps/evenness_bootstrap.rds
diff| Length mismatch: comparison on first 4 components
----- FAILED[data]: test_richness.R<15--15>
call| expect_equal_to_reference(boot, file = "_snaps/richness_bootstrap.rds")
diff| current does not match target read from _snaps/richness_bootstrap.rds
diff| Length mismatch: comparison on first 4 components
Error: 3 out of 105 tests failed
In addition: There were 15 warnings (use warnings() to see them)
Execution halted
Flavor: r-devel-windows-x86_64
Version: 3.3.0
Check: tests
Result: ERROR
Running ‘tinytest.R’ [1s/1s]
Running the tests in ‘tests/tinytest.R’ failed.
Complete output:
> if (requireNamespace("tinytest", quietly = TRUE)) {
+ ## Force tests to be executed if in dev release
+ ## (which we define as having a sub-release)
+ NOT_CRAN <- length(unclass(packageVersion("tabula"))[[1]]) == 4
+
+ tinytest::test_package("tabula", at_home = NOT_CRAN)
+ }
test_diversity.R.............. 0 tests
test_diversity.R.............. 0 tests
test_diversity.R.............. 0 tests
test_diversity.R.............. 0 tests
test_diversity.R.............. 1 tests <1b>[0;32mOK<1b>[0m
test_diversity.R.............. 1 tests <1b>[0;32mOK<1b>[0m
test_diversity.R.............. 11 tests <1b>[0;32mOK<1b>[0m
test_diversity.R.............. 11 tests <1b>[0;32mOK<1b>[0m
test_diversity.R.............. 12 tests <1b>[0;32mOK<1b>[0m
test_diversity.R.............. 13 tests <1b>[0;31m1 fails<1b>[0m
test_diversity.R.............. 13 tests <1b>[0;31m1 fails<1b>[0m
test_diversity.R.............. 14 tests <1b>[0;31m1 fails<1b>[0m
test_diversity.R.............. 14 tests <1b>[0;31m1 fails<1b>[0m
test_diversity.R.............. 22 tests <1b>[0;31m1 fails<1b>[0m
test_diversity.R.............. 22 tests <1b>[0;31m1 fails<1b>[0m
test_diversity.R.............. 23 tests <1b>[0;31m2 fails<1b>[0m
test_diversity.R.............. 23 tests <1b>[0;31m2 fails<1b>[0m
test_diversity.R.............. 24 tests <1b>[0;31m2 fails<1b>[0m
test_diversity.R.............. 24 tests <1b>[0;31m2 fails<1b>[0m
test_diversity.R.............. 24 tests <1b>[0;31m2 fails<1b>[0m
test_diversity.R.............. 25 tests <1b>[0;31m2 fails<1b>[0m
test_diversity.R.............. 26 tests <1b>[0;31m2 fails<1b>[0m
test_diversity.R.............. 27 tests <1b>[0;31m2 fails<1b>[0m
test_diversity.R.............. 27 tests <1b>[0;31m2 fails<1b>[0m
test_diversity.R.............. 28 tests <1b>[0;31m2 fails<1b>[0m
test_diversity.R.............. 29 tests <1b>[0;31m2 fails<1b>[0m
test_diversity.R.............. 30 tests <1b>[0;31m2 fails<1b>[0m
test_diversity.R.............. 31 tests <1b>[0;31m2 fails<1b>[0m
test_diversity.R.............. 32 tests <1b>[0;31m2 fails<1b>[0m
test_diversity.R.............. 32 tests <1b>[0;31m2 fails<1b>[0m <1b>[0;34m0.3s<1b>[0m
test_index.R.................. 0 tests
test_index.R.................. 1 tests <1b>[0;32mOK<1b>[0m
test_index.R.................. 2 tests <1b>[0;32mOK<1b>[0m
test_index.R.................. 3 tests <1b>[0;32mOK<1b>[0m
test_index.R.................. 4 tests <1b>[0;32mOK<1b>[0m
test_index.R.................. 5 tests <1b>[0;32mOK<1b>[0m
test_index.R.................. 6 tests <1b>[0;32mOK<1b>[0m
test_index.R.................. 7 tests <1b>[0;32mOK<1b>[0m
test_index.R.................. 8 tests <1b>[0;32mOK<1b>[0m
test_index.R.................. 9 tests <1b>[0;32mOK<1b>[0m
test_index.R.................. 10 tests <1b>[0;32mOK<1b>[0m
test_index.R.................. 10 tests <1b>[0;32mOK<1b>[0m
test_index.R.................. 11 tests <1b>[0;32mOK<1b>[0m
test_index.R.................. 11 tests <1b>[0;32mOK<1b>[0m
test_index.R.................. 12 tests <1b>[0;32mOK<1b>[0m
test_index.R.................. 13 tests <1b>[0;32mOK<1b>[0m
test_index.R.................. 13 tests <1b>[0;32mOK<1b>[0m
test_index.R.................. 14 tests <1b>[0;32mOK<1b>[0m
test_index.R.................. 15 tests <1b>[0;32mOK<1b>[0m
test_index.R.................. 15 tests <1b>[0;32mOK<1b>[0m
test_index.R.................. 16 tests <1b>[0;32mOK<1b>[0m
test_index.R.................. 17 tests <1b>[0;32mOK<1b>[0m
test_index.R.................. 18 tests <1b>[0;32mOK<1b>[0m
test_index.R.................. 18 tests <1b>[0;32mOK<1b>[0m
test_index.R.................. 19 tests <1b>[0;32mOK<1b>[0m
test_index.R.................. 19 tests <1b>[0;32mOK<1b>[0m
test_index.R.................. 19 tests <1b>[0;32mOK<1b>[0m
test_index.R.................. 19 tests <1b>[0;32mOK<1b>[0m
test_index.R.................. 20 tests <1b>[0;32mOK<1b>[0m
test_index.R.................. 20 tests <1b>[0;32mOK<1b>[0m
test_index.R.................. 21 tests <1b>[0;32mOK<1b>[0m
test_index.R.................. 22 tests <1b>[0;32mOK<1b>[0m
test_index.R.................. 23 tests <1b>[0;32mOK<1b>[0m
test_index.R.................. 24 tests <1b>[0;32mOK<1b>[0m
test_index.R.................. 24 tests <1b>[0;32mOK<1b>[0m
test_index.R.................. 24 tests <1b>[0;32mOK<1b>[0m
test_index.R.................. 25 tests <1b>[0;32mOK<1b>[0m
test_index.R.................. 25 tests <1b>[0;32mOK<1b>[0m
test_index.R.................. 26 tests <1b>[0;32mOK<1b>[0m
test_index.R.................. 27 tests <1b>[0;32mOK<1b>[0m
test_index.R.................. 28 tests <1b>[0;32mOK<1b>[0m
test_index.R.................. 29 tests <1b>[0;32mOK<1b>[0m
test_index.R.................. 30 tests <1b>[0;32mOK<1b>[0m
test_index.R.................. 31 tests <1b>[0;32mOK<1b>[0m
test_index.R.................. 31 tests <1b>[0;32mOK<1b>[0m
test_index.R.................. 31 tests <1b>[0;32mOK<1b>[0m
test_index.R.................. 32 tests <1b>[0;32mOK<1b>[0m
test_index.R.................. 32 tests <1b>[0;32mOK<1b>[0m
test_index.R.................. 33 tests <1b>[0;32mOK<1b>[0m
test_index.R.................. 33 tests <1b>[0;32mOK<1b>[0m
test_index.R.................. 34 tests <1b>[0;32mOK<1b>[0m
test_index.R.................. 34 tests <1b>[0;32mOK<1b>[0m
test_index.R.................. 35 tests <1b>[0;32mOK<1b>[0m
test_index.R.................. 35 tests <1b>[0;32mOK<1b>[0m
test_index.R.................. 35 tests <1b>[0;32mOK<1b>[0m
test_index.R.................. 35 tests <1b>[0;32mOK<1b>[0m
test_index.R.................. 36 tests <1b>[0;32mOK<1b>[0m
test_index.R.................. 37 tests <1b>[0;32mOK<1b>[0m
test_index.R.................. 38 tests <1b>[0;32mOK<1b>[0m
test_index.R.................. 39 tests <1b>[0;32mOK<1b>[0m
test_index.R.................. 40 tests <1b>[0;32mOK<1b>[0m
test_index.R.................. 41 tests <1b>[0;32mOK<1b>[0m
test_index.R.................. 42 tests <1b>[0;32mOK<1b>[0m
test_index.R.................. 43 tests <1b>[0;32mOK<1b>[0m
test_index.R.................. 43 tests <1b>[0;32mOK<1b>[0m
test_index.R.................. 43 tests <1b>[0;32mOK<1b>[0m
test_index.R.................. 43 tests <1b>[0;32mOK<1b>[0m
test_index.R.................. 44 tests <1b>[0;32mOK<1b>[0m
test_index.R.................. 45 tests <1b>[0;32mOK<1b>[0m
test_index.R.................. 46 tests <1b>[0;32mOK<1b>[0m
test_index.R.................. 47 tests <1b>[0;32mOK<1b>[0m
test_index.R.................. 48 tests <1b>[0;32mOK<1b>[0m
test_index.R.................. 48 tests <1b>[0;32mOK<1b>[0m
test_index.R.................. 49 tests <1b>[0;32mOK<1b>[0m <1b>[0;36m30ms<1b>[0m
test_occurrence.R............. 0 tests
test_occurrence.R............. 0 tests
test_occurrence.R............. 0 tests
test_occurrence.R............. 1 tests <1b>[0;32mOK<1b>[0m
test_occurrence.R............. 1 tests <1b>[0;32mOK<1b>[0m
test_occurrence.R............. 1 tests <1b>[0;32mOK<1b>[0m
test_occurrence.R............. 2 tests <1b>[0;32mOK<1b>[0m
test_occurrence.R............. 2 tests <1b>[0;32mOK<1b>[0m <1b>[0;36m12ms<1b>[0m
test_plots.R.................. 0 tests
test_plots.R.................. 0 tests <1b>[0;36m2ms<1b>[0m
test_rarefaction.R............ 0 tests
test_rarefaction.R............ 0 tests
test_rarefaction.R............ 0 tests
test_rarefaction.R............ 1 tests <1b>[0;32mOK<1b>[0m
test_rarefaction.R............ 1 tests <1b>[0;32mOK<1b>[0m <1b>[0;36m17ms<1b>[0m
test_richness.R............... 0 tests
test_richness.R............... 0 tests
test_richness.R............... 0 tests
test_richness.R............... 0 tests
test_richness.R............... 6 tests <1b>[0;32mOK<1b>[0m
test_richness.R............... 6 tests <1b>[0;32mOK<1b>[0m
test_richness.R............... 7 tests <1b>[0;32mOK<1b>[0m
test_richness.R............... 8 tests <1b>[0;31m1 fails<1b>[0m
test_richness.R............... 8 tests <1b>[0;31m1 fails<1b>[0m
test_richness.R............... 9 tests <1b>[0;31m1 fails<1b>[0m
test_richness.R............... 9 tests <1b>[0;31m1 fails<1b>[0m
test_richness.R............... 9 tests <1b>[0;31m1 fails<1b>[0m
test_richness.R............... 13 tests <1b>[0;31m1 fails<1b>[0m
test_richness.R............... 13 tests <1b>[0;31m1 fails<1b>[0m <1b>[0;36m59ms<1b>[0m
test_similarity.R............. 0 tests <1b>[0;36m1ms<1b>[0m
test_statistics.R............. 0 tests
test_statistics.R............. 1 tests <1b>[0;32mOK<1b>[0m
test_statistics.R............. 2 tests <1b>[0;32mOK<1b>[0m
test_statistics.R............. 3 tests <1b>[0;32mOK<1b>[0m
test_statistics.R............. 4 tests <1b>[0;32mOK<1b>[0m
test_statistics.R............. 5 tests <1b>[0;32mOK<1b>[0m <1b>[0;36m4ms<1b>[0m
test_turnover.R............... 0 tests
test_turnover.R............... 0 tests
test_turnover.R............... 0 tests
test_turnover.R............... 6 tests <1b>[0;32mOK<1b>[0m <1b>[0;36m12ms<1b>[0m
----- FAILED[data]: test_diversity.R<20--20>
call| expect_equal_to_reference(boot, file = "_snaps/heterogeneity_bootstrap.rds")
diff| current does not match target read from _snaps/heterogeneity_bootstrap.rds
diff| Component "mean": Mean relative difference: 0.003924424
diff| Component "bias": Mean relative difference: 0.05075167
diff| Component "error": Mean relative difference: 0.08496725
diff| Component "lower": Mean relative difference: 0.01419885
diff| Component "upper": Mean relative difference: 0.04438267
----- FAILED[data]: test_diversity.R<34--34>
call| expect_equal_to_reference(boot, file = "_snaps/evenness_bootstrap.rds")
diff| current does not match target read from _snaps/evenness_bootstrap.rds
diff| Component "mean": Mean relative difference: 0.004307511
diff| Component "bias": Mean relative difference: 0.3867987
diff| Component "error": Mean relative difference: 0.1391278
diff| Component "lower": Mean relative difference: 0.01551733
diff| Component "upper": Mean relative difference: 0.01907037
----- FAILED[data]: test_richness.R<16--16>
call| expect_equal_to_reference(boot, file = "_snaps/richness_bootstrap.rds")
diff| current does not match target read from _snaps/richness_bootstrap.rds
diff| Component "mean": Mean relative difference: 0.02890855
diff| Component "bias": Mean relative difference: 0.0989899
diff| Component "error": Mean relative difference: 0.06599759
diff| Component "lower": Mean relative difference: 0.06060606
diff| Component "upper": Mean relative difference: 0.0625
Error: 3 out of 108 tests failed
Execution halted
Flavor: r-release-macos-arm64
Version: 3.3.0
Check: tests
Result: ERROR
Running ‘tinytest.R’ [1s/1s]
Running the tests in ‘tests/tinytest.R’ failed.
Complete output:
> if (requireNamespace("tinytest", quietly = TRUE)) {
+ ## Force tests to be executed if in dev release
+ ## (which we define as having a sub-release)
+ NOT_CRAN <- length(unclass(packageVersion("tabula"))[[1]]) == 4
+
+ tinytest::test_package("tabula", at_home = NOT_CRAN)
+ }
test_diversity.R.............. 0 tests
test_diversity.R.............. 0 tests
test_diversity.R.............. 0 tests
test_diversity.R.............. 0 tests
test_diversity.R.............. 1 tests <1b>[0;32mOK<1b>[0m
test_diversity.R.............. 1 tests <1b>[0;32mOK<1b>[0m
test_diversity.R.............. 11 tests <1b>[0;32mOK<1b>[0m
test_diversity.R.............. 11 tests <1b>[0;32mOK<1b>[0m
test_diversity.R.............. 12 tests <1b>[0;32mOK<1b>[0m
test_diversity.R.............. 13 tests <1b>[0;31m1 fails<1b>[0m
test_diversity.R.............. 13 tests <1b>[0;31m1 fails<1b>[0m
test_diversity.R.............. 14 tests <1b>[0;31m1 fails<1b>[0m
test_diversity.R.............. 14 tests <1b>[0;31m1 fails<1b>[0m
test_diversity.R.............. 22 tests <1b>[0;31m1 fails<1b>[0m
test_diversity.R.............. 22 tests <1b>[0;31m1 fails<1b>[0m
test_diversity.R.............. 23 tests <1b>[0;31m2 fails<1b>[0m
test_diversity.R.............. 23 tests <1b>[0;31m2 fails<1b>[0m
test_diversity.R.............. 24 tests <1b>[0;31m2 fails<1b>[0m
test_diversity.R.............. 24 tests <1b>[0;31m2 fails<1b>[0m
test_diversity.R.............. 24 tests <1b>[0;31m2 fails<1b>[0m
test_diversity.R.............. 25 tests <1b>[0;31m2 fails<1b>[0m
test_diversity.R.............. 26 tests <1b>[0;31m2 fails<1b>[0m
test_diversity.R.............. 27 tests <1b>[0;31m2 fails<1b>[0m
test_diversity.R.............. 27 tests <1b>[0;31m2 fails<1b>[0m
test_diversity.R.............. 28 tests <1b>[0;31m2 fails<1b>[0m
test_diversity.R.............. 29 tests <1b>[0;31m2 fails<1b>[0m
test_diversity.R.............. 30 tests <1b>[0;31m2 fails<1b>[0m
test_diversity.R.............. 31 tests <1b>[0;31m2 fails<1b>[0m
test_diversity.R.............. 32 tests <1b>[0;31m2 fails<1b>[0m
test_diversity.R.............. 32 tests <1b>[0;31m2 fails<1b>[0m <1b>[0;34m0.3s<1b>[0m
test_index.R.................. 0 tests
test_index.R.................. 1 tests <1b>[0;32mOK<1b>[0m
test_index.R.................. 2 tests <1b>[0;32mOK<1b>[0m
test_index.R.................. 3 tests <1b>[0;32mOK<1b>[0m
test_index.R.................. 4 tests <1b>[0;32mOK<1b>[0m
test_index.R.................. 5 tests <1b>[0;32mOK<1b>[0m
test_index.R.................. 6 tests <1b>[0;32mOK<1b>[0m
test_index.R.................. 7 tests <1b>[0;32mOK<1b>[0m
test_index.R.................. 8 tests <1b>[0;32mOK<1b>[0m
test_index.R.................. 9 tests <1b>[0;32mOK<1b>[0m
test_index.R.................. 10 tests <1b>[0;32mOK<1b>[0m
test_index.R.................. 10 tests <1b>[0;32mOK<1b>[0m
test_index.R.................. 11 tests <1b>[0;32mOK<1b>[0m
test_index.R.................. 11 tests <1b>[0;32mOK<1b>[0m
test_index.R.................. 12 tests <1b>[0;32mOK<1b>[0m
test_index.R.................. 13 tests <1b>[0;32mOK<1b>[0m
test_index.R.................. 13 tests <1b>[0;32mOK<1b>[0m
test_index.R.................. 14 tests <1b>[0;32mOK<1b>[0m
test_index.R.................. 15 tests <1b>[0;32mOK<1b>[0m
test_index.R.................. 15 tests <1b>[0;32mOK<1b>[0m
test_index.R.................. 16 tests <1b>[0;32mOK<1b>[0m
test_index.R.................. 17 tests <1b>[0;32mOK<1b>[0m
test_index.R.................. 18 tests <1b>[0;32mOK<1b>[0m
test_index.R.................. 18 tests <1b>[0;32mOK<1b>[0m
test_index.R.................. 19 tests <1b>[0;32mOK<1b>[0m
test_index.R.................. 19 tests <1b>[0;32mOK<1b>[0m
test_index.R.................. 19 tests <1b>[0;32mOK<1b>[0m
test_index.R.................. 19 tests <1b>[0;32mOK<1b>[0m
test_index.R.................. 20 tests <1b>[0;32mOK<1b>[0m
test_index.R.................. 20 tests <1b>[0;32mOK<1b>[0m
test_index.R.................. 21 tests <1b>[0;32mOK<1b>[0m
test_index.R.................. 22 tests <1b>[0;32mOK<1b>[0m
test_index.R.................. 23 tests <1b>[0;32mOK<1b>[0m
test_index.R.................. 24 tests <1b>[0;32mOK<1b>[0m
test_index.R.................. 24 tests <1b>[0;32mOK<1b>[0m
test_index.R.................. 24 tests <1b>[0;32mOK<1b>[0m
test_index.R.................. 25 tests <1b>[0;32mOK<1b>[0m
test_index.R.................. 25 tests <1b>[0;32mOK<1b>[0m
test_index.R.................. 26 tests <1b>[0;32mOK<1b>[0m
test_index.R.................. 27 tests <1b>[0;32mOK<1b>[0m
test_index.R.................. 28 tests <1b>[0;32mOK<1b>[0m
test_index.R.................. 29 tests <1b>[0;32mOK<1b>[0m
test_index.R.................. 30 tests <1b>[0;32mOK<1b>[0m
test_index.R.................. 31 tests <1b>[0;32mOK<1b>[0m
test_index.R.................. 31 tests <1b>[0;32mOK<1b>[0m
test_index.R.................. 31 tests <1b>[0;32mOK<1b>[0m
test_index.R.................. 32 tests <1b>[0;32mOK<1b>[0m
test_index.R.................. 32 tests <1b>[0;32mOK<1b>[0m
test_index.R.................. 33 tests <1b>[0;32mOK<1b>[0m
test_index.R.................. 33 tests <1b>[0;32mOK<1b>[0m
test_index.R.................. 34 tests <1b>[0;32mOK<1b>[0m
test_index.R.................. 34 tests <1b>[0;32mOK<1b>[0m
test_index.R.................. 35 tests <1b>[0;32mOK<1b>[0m
test_index.R.................. 35 tests <1b>[0;32mOK<1b>[0m
test_index.R.................. 35 tests <1b>[0;32mOK<1b>[0m
test_index.R.................. 35 tests <1b>[0;32mOK<1b>[0m
test_index.R.................. 36 tests <1b>[0;32mOK<1b>[0m
test_index.R.................. 37 tests <1b>[0;32mOK<1b>[0m
test_index.R.................. 38 tests <1b>[0;32mOK<1b>[0m
test_index.R.................. 39 tests <1b>[0;32mOK<1b>[0m
test_index.R.................. 40 tests <1b>[0;32mOK<1b>[0m
test_index.R.................. 41 tests <1b>[0;32mOK<1b>[0m
test_index.R.................. 42 tests <1b>[0;32mOK<1b>[0m
test_index.R.................. 43 tests <1b>[0;32mOK<1b>[0m
test_index.R.................. 43 tests <1b>[0;32mOK<1b>[0m
test_index.R.................. 43 tests <1b>[0;32mOK<1b>[0m
test_index.R.................. 43 tests <1b>[0;32mOK<1b>[0m
test_index.R.................. 44 tests <1b>[0;32mOK<1b>[0m
test_index.R.................. 45 tests <1b>[0;32mOK<1b>[0m
test_index.R.................. 46 tests <1b>[0;32mOK<1b>[0m
test_index.R.................. 47 tests <1b>[0;32mOK<1b>[0m
test_index.R.................. 48 tests <1b>[0;32mOK<1b>[0m
test_index.R.................. 48 tests <1b>[0;32mOK<1b>[0m
test_index.R.................. 49 tests <1b>[0;32mOK<1b>[0m <1b>[0;36m35ms<1b>[0m
test_occurrence.R............. 0 tests
test_occurrence.R............. 0 tests
test_occurrence.R............. 0 tests
test_occurrence.R............. 1 tests <1b>[0;32mOK<1b>[0m
test_occurrence.R............. 1 tests <1b>[0;32mOK<1b>[0m
test_occurrence.R............. 1 tests <1b>[0;32mOK<1b>[0m
test_occurrence.R............. 2 tests <1b>[0;32mOK<1b>[0m
test_occurrence.R............. 2 tests <1b>[0;32mOK<1b>[0m <1b>[0;36m19ms<1b>[0m
test_plots.R.................. 0 tests
test_plots.R.................. 0 tests <1b>[0;36m2ms<1b>[0m
test_rarefaction.R............ 0 tests
test_rarefaction.R............ 0 tests
test_rarefaction.R............ 0 tests
test_rarefaction.R............ 1 tests <1b>[0;32mOK<1b>[0m
test_rarefaction.R............ 1 tests <1b>[0;32mOK<1b>[0m <1b>[0;36m20ms<1b>[0m
test_richness.R............... 0 tests
test_richness.R............... 0 tests
test_richness.R............... 0 tests
test_richness.R............... 0 tests
test_richness.R............... 6 tests <1b>[0;32mOK<1b>[0m
test_richness.R............... 6 tests <1b>[0;32mOK<1b>[0m
test_richness.R............... 7 tests <1b>[0;32mOK<1b>[0m
test_richness.R............... 8 tests <1b>[0;31m1 fails<1b>[0m
test_richness.R............... 8 tests <1b>[0;31m1 fails<1b>[0m
test_richness.R............... 9 tests <1b>[0;31m1 fails<1b>[0m
test_richness.R............... 9 tests <1b>[0;31m1 fails<1b>[0m
test_richness.R............... 9 tests <1b>[0;31m1 fails<1b>[0m
test_richness.R............... 13 tests <1b>[0;31m1 fails<1b>[0m
test_richness.R............... 13 tests <1b>[0;31m1 fails<1b>[0m <1b>[0;36m53ms<1b>[0m
test_similarity.R............. 0 tests <1b>[0;36m1ms<1b>[0m
test_statistics.R............. 0 tests
test_statistics.R............. 1 tests <1b>[0;32mOK<1b>[0m
test_statistics.R............. 2 tests <1b>[0;32mOK<1b>[0m
test_statistics.R............. 3 tests <1b>[0;32mOK<1b>[0m
test_statistics.R............. 4 tests <1b>[0;32mOK<1b>[0m
test_statistics.R............. 5 tests <1b>[0;32mOK<1b>[0m <1b>[0;36m6ms<1b>[0m
test_turnover.R............... 0 tests
test_turnover.R............... 0 tests
test_turnover.R............... 0 tests
test_turnover.R............... 6 tests <1b>[0;32mOK<1b>[0m <1b>[0;36m11ms<1b>[0m
----- FAILED[data]: test_diversity.R<20--20>
call| expect_equal_to_reference(boot, file = "_snaps/heterogeneity_bootstrap.rds")
diff| current does not match target read from _snaps/heterogeneity_bootstrap.rds
diff| Component "mean": Mean relative difference: 0.003924424
diff| Component "bias": Mean relative difference: 0.05075167
diff| Component "error": Mean relative difference: 0.08496725
diff| Component "lower": Mean relative difference: 0.01419885
diff| Component "upper": Mean relative difference: 0.04438267
----- FAILED[data]: test_diversity.R<34--34>
call| expect_equal_to_reference(boot, file = "_snaps/evenness_bootstrap.rds")
diff| current does not match target read from _snaps/evenness_bootstrap.rds
diff| Component "mean": Mean relative difference: 0.004307511
diff| Component "bias": Mean relative difference: 0.3867987
diff| Component "error": Mean relative difference: 0.1391278
diff| Component "lower": Mean relative difference: 0.01551733
diff| Component "upper": Mean relative difference: 0.01907037
----- FAILED[data]: test_richness.R<16--16>
call| expect_equal_to_reference(boot, file = "_snaps/richness_bootstrap.rds")
diff| current does not match target read from _snaps/richness_bootstrap.rds
diff| Component "mean": Mean relative difference: 0.02890855
diff| Component "bias": Mean relative difference: 0.0989899
diff| Component "error": Mean relative difference: 0.06599759
diff| Component "lower": Mean relative difference: 0.06060606
diff| Component "upper": Mean relative difference: 0.0625
Error: 3 out of 108 tests failed
Execution halted
Flavor: r-oldrel-macos-arm64