Last updated on 2025-02-21 02:52:27 CET.
Flavor | Version | Tinstall | Tcheck | Ttotal | Status | Flags |
---|---|---|---|---|---|---|
r-devel-linux-x86_64-debian-clang | 0.0.3 | 19.73 | 22.66 | 42.39 | NOTE | |
r-devel-linux-x86_64-debian-gcc | 0.0.3 | 14.55 | 18.06 | 32.61 | NOTE | |
r-devel-linux-x86_64-fedora-clang | 0.0.3 | 89.76 | NOTE | |||
r-devel-linux-x86_64-fedora-gcc | 0.0.3 | 82.38 | NOTE | |||
r-devel-macos-arm64 | 0.0.3 | 24.00 | NOTE | |||
r-devel-macos-x86_64 | 0.0.3 | 46.00 | NOTE | |||
r-devel-windows-x86_64 | 0.0.3 | 22.00 | 65.00 | 87.00 | NOTE | |
r-patched-linux-x86_64 | 0.0.3 | 21.25 | 21.94 | 43.19 | NOTE | |
r-release-linux-x86_64 | 0.0.3 | 20.17 | 22.04 | 42.21 | NOTE | |
r-release-macos-arm64 | 0.0.3 | 25.00 | NOTE | |||
r-release-macos-x86_64 | 0.0.3 | 37.00 | NOTE | |||
r-release-windows-x86_64 | 0.0.3 | 24.00 | 64.00 | 88.00 | NOTE | |
r-oldrel-macos-arm64 | 0.0.3 | 28.00 | NOTE | |||
r-oldrel-macos-x86_64 | 0.0.3 | 40.00 | NOTE | |||
r-oldrel-windows-x86_64 | 0.0.3 | 27.00 | 69.00 | 96.00 | NOTE |
Version: 0.0.3
Check: C++ specification
Result: NOTE
Specified C++11: please drop specification unless essential
Flavors: r-devel-linux-x86_64-debian-clang, r-devel-linux-x86_64-debian-gcc, r-devel-linux-x86_64-fedora-clang, r-devel-linux-x86_64-fedora-gcc, r-devel-macos-arm64, r-devel-macos-x86_64, r-devel-windows-x86_64, r-patched-linux-x86_64, r-release-linux-x86_64, r-release-macos-arm64, r-release-macos-x86_64, r-release-windows-x86_64, r-oldrel-macos-arm64, r-oldrel-macos-x86_64, r-oldrel-windows-x86_64