Last updated on 2025-02-21 02:52:27 CET.
Flavor | Version | Tinstall | Tcheck | Ttotal | Status | Flags |
---|---|---|---|---|---|---|
r-devel-linux-x86_64-debian-clang | 0.8.2 | 17.35 | 64.77 | 82.12 | NOTE | |
r-devel-linux-x86_64-debian-gcc | 0.8.2 | 10.23 | 47.39 | 57.62 | NOTE | |
r-devel-linux-x86_64-fedora-clang | 0.8.2 | 141.89 | OK | |||
r-devel-linux-x86_64-fedora-gcc | 0.8.2 | 133.67 | OK | |||
r-devel-macos-arm64 | 0.8.2 | 31.00 | OK | |||
r-devel-macos-x86_64 | 0.8.2 | 70.00 | OK | |||
r-devel-windows-x86_64 | 0.8.2 | 16.00 | 99.00 | 115.00 | NOTE | |
r-patched-linux-x86_64 | 0.8.2 | 20.32 | 60.63 | 80.95 | OK | |
r-release-linux-x86_64 | 0.8.2 | 14.42 | 62.66 | 77.08 | OK | |
r-release-macos-arm64 | 0.8.2 | 34.00 | OK | |||
r-release-macos-x86_64 | 0.8.2 | 52.00 | OK | |||
r-release-windows-x86_64 | 0.8.2 | 16.00 | 99.00 | 115.00 | OK | |
r-oldrel-macos-arm64 | 0.8.2 | 38.00 | OK | |||
r-oldrel-macos-x86_64 | 0.8.2 | 55.00 | OK | |||
r-oldrel-windows-x86_64 | 0.8.2 | 21.00 | 133.00 | 154.00 | OK |
Version: 0.8.2
Check: Rd cross-references
Result: NOTE
Found the following Rd file(s) with Rd \link{} targets missing package
anchors:
ASTBranch.Rd: R6Class
ASTFunction.Rd: R6Class
ASTMultiply.Rd: R6Class
ASTPlus.Rd: R6Class
ASTTableFormula.Rd: R6Class
ASTVariable.Rd: R6Class
Parser.Rd: R6Class
Token.Rd: R6Class
Please provide package anchors for all Rd \link{} targets not in the
package itself and the base packages.
Flavors: r-devel-linux-x86_64-debian-clang, r-devel-linux-x86_64-debian-gcc, r-devel-windows-x86_64