Last updated on 2025-02-18 02:50:51 CET.
Flavor | Version | Tinstall | Tcheck | Ttotal | Status | Flags |
---|---|---|---|---|---|---|
r-devel-linux-x86_64-debian-clang | 0.2.1 | 6.95 | 68.16 | 75.11 | NOTE | |
r-devel-linux-x86_64-debian-gcc | 0.2.1 | 4.59 | 47.54 | 52.13 | NOTE | |
r-devel-linux-x86_64-fedora-clang | 0.2.1 | 117.74 | NOTE | |||
r-devel-linux-x86_64-fedora-gcc | 0.2.1 | 133.26 | NOTE | |||
r-devel-macos-arm64 | 0.2.1 | 45.00 | OK | |||
r-devel-macos-x86_64 | 0.2.1 | 163.00 | NOTE | |||
r-devel-windows-x86_64 | 0.2.1 | 9.00 | 82.00 | 91.00 | NOTE | |
r-patched-linux-x86_64 | 0.2.1 | 6.20 | 62.44 | 68.64 | OK | |
r-release-linux-x86_64 | 0.2.1 | 6.14 | 62.72 | 68.86 | OK | |
r-release-macos-arm64 | 0.2.1 | 43.00 | OK | |||
r-release-macos-x86_64 | 0.2.1 | 81.00 | OK | |||
r-release-windows-x86_64 | 0.2.1 | 7.00 | 94.00 | 101.00 | OK | |
r-oldrel-macos-arm64 | 0.2.1 | 45.00 | OK | |||
r-oldrel-macos-x86_64 | 0.2.1 | 68.00 | OK | |||
r-oldrel-windows-x86_64 | 0.2.1 | 10.00 | 109.00 | 119.00 | OK |
Version: 0.2.1
Check: DESCRIPTION meta-information
Result: NOTE
Missing dependency on R >= 4.1.0 because package code uses the pipe
|> or function shorthand \(...) syntax added in R 4.1.0.
File(s) using such syntax:
‘parse_schema.R’
Flavors: r-devel-linux-x86_64-debian-clang, r-devel-linux-x86_64-debian-gcc, r-devel-linux-x86_64-fedora-clang, r-devel-linux-x86_64-fedora-gcc, r-devel-macos-x86_64, r-devel-windows-x86_64