CRAN Package Check Results for Package tbrf

Last updated on 2025-02-20 14:51:11 CET.

Flavor Version Tinstall Tcheck Ttotal Status Flags
r-devel-linux-x86_64-debian-clang 0.1.5 6.19 135.80 141.99 NOTE
r-devel-linux-x86_64-debian-gcc 0.1.5 4.22 85.76 89.98 NOTE
r-devel-linux-x86_64-fedora-clang 0.1.5 250.78 NOTE
r-devel-linux-x86_64-fedora-gcc 0.1.5 253.08 NOTE
r-devel-macos-arm64 0.1.5 64.00 NOTE
r-devel-macos-x86_64 0.1.5 140.00 NOTE
r-devel-windows-x86_64 0.1.5 8.00 131.00 139.00 NOTE
r-patched-linux-x86_64 0.1.5 5.00 126.37 131.37 NOTE
r-release-linux-x86_64 0.1.5 5.71 126.13 131.84 NOTE
r-release-macos-arm64 0.1.5 62.00 NOTE
r-release-macos-x86_64 0.1.5 97.00 NOTE
r-release-windows-x86_64 0.1.5 8.00 137.00 145.00 NOTE
r-oldrel-macos-arm64 0.1.5 66.00 OK
r-oldrel-macos-x86_64 0.1.5 114.00 OK
r-oldrel-windows-x86_64 0.1.5 10.00 164.00 174.00 OK

Check Details

Version: 0.1.5
Check: Rd files
Result: NOTE checkRd: (-1) mean_ci.Rd:24: Lost braces 24 | \item{na.rm}{logical code{TRUE/FALSE}. Remove NAs from the dataset. Defaults | ^ checkRd: (-1) median_ci.Rd:24: Lost braces 24 | \item{na.rm}{logical code{TRUE/FALSE}. Remove NAs from the dataset. Defaults | ^ Flavors: r-devel-linux-x86_64-debian-clang, r-devel-linux-x86_64-debian-gcc, r-devel-linux-x86_64-fedora-clang, r-devel-linux-x86_64-fedora-gcc, r-devel-macos-arm64, r-devel-macos-x86_64, r-devel-windows-x86_64, r-patched-linux-x86_64, r-release-linux-x86_64, r-release-macos-arm64, r-release-macos-x86_64, r-release-windows-x86_64

Version: 0.1.5
Check: Rd cross-references
Result: NOTE Found the following Rd file(s) with Rd \link{} targets missing package anchors: gm_mean_ci.Rd: boot.ci, boot mean_ci.Rd: boot.ci, boot median_ci.Rd: boot.ci, boot Please provide package anchors for all Rd \link{} targets not in the package itself and the base packages. Flavors: r-devel-linux-x86_64-debian-clang, r-devel-linux-x86_64-debian-gcc, r-devel-windows-x86_64