CRAN Package Check Results for Package tci

Last updated on 2025-02-21 02:52:27 CET.

Flavor Version Tinstall Tcheck Ttotal Status Flags
r-devel-linux-x86_64-debian-clang 0.2.0 29.25 187.14 216.39 NOTE
r-devel-linux-x86_64-debian-gcc 0.2.0 23.20 126.14 149.34 NOTE
r-devel-linux-x86_64-fedora-clang 0.2.0 352.03 NOTE
r-devel-linux-x86_64-fedora-gcc 0.2.0 395.88 NOTE
r-devel-macos-arm64 0.2.0 82.00 NOTE
r-devel-macos-x86_64 0.2.0 169.00 NOTE
r-devel-windows-x86_64 0.2.0 35.00 193.00 228.00 NOTE
r-patched-linux-x86_64 0.2.0 33.42 189.28 222.70 NOTE
r-release-linux-x86_64 0.2.0 33.26 189.99 223.25 NOTE
r-release-macos-arm64 0.2.0 80.00 NOTE
r-release-macos-x86_64 0.2.0 122.00 NOTE
r-release-windows-x86_64 0.2.0 34.00 193.00 227.00 NOTE
r-oldrel-macos-arm64 0.2.0 90.00 NOTE
r-oldrel-macos-x86_64 0.2.0 139.00 NOTE
r-oldrel-windows-x86_64 0.2.0 42.00 226.00 268.00 NOTE

Check Details

Version: 0.2.0
Check: C++ specification
Result: NOTE Specified C++11: please drop specification unless essential Flavors: r-devel-linux-x86_64-debian-clang, r-devel-linux-x86_64-debian-gcc, r-devel-linux-x86_64-fedora-clang, r-devel-linux-x86_64-fedora-gcc, r-devel-macos-arm64, r-devel-macos-x86_64, r-devel-windows-x86_64, r-patched-linux-x86_64, r-release-linux-x86_64, r-release-macos-arm64, r-release-macos-x86_64, r-release-windows-x86_64, r-oldrel-macos-arm64, r-oldrel-macos-x86_64, r-oldrel-windows-x86_64

Version: 0.2.0
Check: dependencies in R code
Result: NOTE Namespaces in Imports field not imported from: ‘gridExtra’ ‘reshape2’ ‘truncnorm’ ‘xtable’ All declared Imports should be used. Flavors: r-devel-linux-x86_64-fedora-clang, r-devel-linux-x86_64-fedora-gcc