Last updated on 2025-02-18 02:50:51 CET.
Flavor | Version | Tinstall | Tcheck | Ttotal | Status | Flags |
---|---|---|---|---|---|---|
r-devel-linux-x86_64-debian-clang | 0.9.1 | 14.73 | 123.63 | 138.36 | OK | |
r-devel-linux-x86_64-debian-gcc | 0.9.1 | 11.66 | 88.10 | 99.76 | OK | |
r-devel-linux-x86_64-fedora-clang | 0.9.1 | 234.33 | OK | |||
r-devel-linux-x86_64-fedora-gcc | 0.9.1 | 229.88 | OK | |||
r-devel-macos-arm64 | 0.9.1 | 58.00 | OK | |||
r-devel-macos-x86_64 | 0.9.1 | 120.00 | OK | |||
r-devel-windows-x86_64 | 0.9.1 | 18.00 | 128.00 | 146.00 | OK | |
r-patched-linux-x86_64 | 0.9.1 | 17.61 | 112.77 | 130.38 | NOTE | |
r-release-linux-x86_64 | 0.9.1 | 13.77 | 112.16 | 125.93 | NOTE | |
r-release-macos-arm64 | 0.9.1 | 62.00 | NOTE | |||
r-release-macos-x86_64 | 0.9.1 | 135.00 | NOTE | |||
r-release-windows-x86_64 | 0.9.1 | 18.00 | 131.00 | 149.00 | OK | |
r-oldrel-macos-arm64 | 0.9.1 | 63.00 | NOTE | |||
r-oldrel-macos-x86_64 | 0.9.1 | 111.00 | NOTE | |||
r-oldrel-windows-x86_64 | 0.9.1 | 25.00 | 182.00 | 207.00 | NOTE |
Version: 0.9.1
Check: package dependencies
Result: NOTE
Package suggested but not available for checking: ‘INLA’
Flavors: r-patched-linux-x86_64, r-release-linux-x86_64, r-release-macos-arm64, r-release-macos-x86_64, r-oldrel-macos-arm64, r-oldrel-macos-x86_64, r-oldrel-windows-x86_64