Last updated on 2025-02-21 02:52:27 CET.
Flavor | Version | Tinstall | Tcheck | Ttotal | Status | Flags |
---|---|---|---|---|---|---|
r-devel-linux-x86_64-debian-clang | 0.5.1 | 6.04 | 177.08 | 183.12 | OK | |
r-devel-linux-x86_64-debian-gcc | 0.5.1 | 4.18 | 108.37 | 112.55 | OK | |
r-devel-linux-x86_64-fedora-clang | 0.5.1 | 359.75 | OK | |||
r-devel-linux-x86_64-fedora-gcc | 0.5.1 | 346.38 | OK | |||
r-devel-macos-arm64 | 0.5.1 | 124.00 | OK | |||
r-devel-macos-x86_64 | 0.5.1 | 285.00 | OK | |||
r-devel-windows-x86_64 | 0.5.1 | 13.00 | 254.00 | 267.00 | OK | |
r-patched-linux-x86_64 | 0.5.1 | 6.13 | 162.08 | 168.21 | OK | |
r-release-linux-x86_64 | 0.5.1 | 6.46 | 164.99 | 171.45 | OK | |
r-release-macos-arm64 | 0.5.1 | 125.00 | NOTE | |||
r-release-macos-x86_64 | 0.5.1 | 398.00 | NOTE | |||
r-release-windows-x86_64 | 0.5.1 | 16.00 | 256.00 | 272.00 | OK | |
r-oldrel-macos-arm64 | 0.5.1 | 112.00 | NOTE | |||
r-oldrel-macos-x86_64 | 0.5.1 | 299.00 | NOTE | |||
r-oldrel-windows-x86_64 | 0.5.1 | 16.00 | 324.00 | 340.00 | OK |
Version: 0.5.1
Check: installed package size
Result: NOTE
installed size is 5.8Mb
sub-directories of 1Mb or more:
extdata 4.9Mb
Flavors: r-release-macos-arm64, r-release-macos-x86_64, r-oldrel-macos-arm64, r-oldrel-macos-x86_64