Last updated on 2025-02-18 02:50:51 CET.
Flavor | Version | Tinstall | Tcheck | Ttotal | Status | Flags |
---|---|---|---|---|---|---|
r-devel-linux-x86_64-debian-clang | 0.2.0 | 33.36 | 60.82 | 94.18 | OK | |
r-devel-linux-x86_64-debian-gcc | 0.2.0 | 22.26 | 42.77 | 65.03 | OK | |
r-devel-linux-x86_64-fedora-clang | 0.2.0 | 168.46 | NOTE | |||
r-devel-linux-x86_64-fedora-gcc | 0.2.0 | 167.97 | NOTE | |||
r-devel-macos-arm64 | 0.2.0 | 47.00 | OK | |||
r-devel-macos-x86_64 | 0.2.0 | 69.00 | OK | |||
r-devel-windows-x86_64 | 0.2.0 | 36.00 | 90.00 | 126.00 | OK | |
r-patched-linux-x86_64 | 0.2.0 | 32.21 | 57.11 | 89.32 | OK | |
r-release-linux-x86_64 | 0.2.0 | 30.95 | 57.58 | 88.53 | OK | |
r-release-macos-arm64 | 0.2.0 | 45.00 | OK | |||
r-release-macos-x86_64 | 0.2.0 | 58.00 | OK | |||
r-release-windows-x86_64 | 0.2.0 | 35.00 | 104.00 | 139.00 | OK | |
r-oldrel-macos-arm64 | 0.2.0 | 52.00 | OK | |||
r-oldrel-macos-x86_64 | 0.2.0 | 80.00 | OK | |||
r-oldrel-windows-x86_64 | 0.2.0 | 46.00 | 132.00 | 178.00 | OK |
Version: 0.2.0
Check: compiled code
Result: NOTE
File ‘testforDEP/libs/testforDEP.so’:
Found no calls to: ‘R_registerRoutines’, ‘R_useDynamicSymbols’
It is good practice to register native routines and to disable symbol
search.
See ‘Writing portable packages’ in the ‘Writing R Extensions’ manual.
Flavors: r-devel-linux-x86_64-fedora-clang, r-devel-linux-x86_64-fedora-gcc