CRAN Package Check Results for Package tetraclasse

Last updated on 2025-02-21 02:52:27 CET.

Flavor Version Tinstall Tcheck Ttotal Status Flags
r-devel-linux-x86_64-debian-clang 0.1.21 5.91 85.68 91.59 OK
r-devel-linux-x86_64-debian-gcc 0.1.21 4.21 63.49 67.70 OK
r-devel-linux-x86_64-fedora-clang 0.1.21 155.41 OK
r-devel-linux-x86_64-fedora-gcc 0.1.21 148.62 OK
r-devel-macos-arm64 0.1.21 41.00 OK
r-devel-macos-x86_64 0.1.21 77.00 OK
r-devel-windows-x86_64 0.1.21 10.00 94.00 104.00 OK
r-patched-linux-x86_64 0.1.21 6.06 79.87 85.93 NOTE
r-release-linux-x86_64 0.1.21 5.66 79.45 85.11 NOTE
r-release-macos-arm64 0.1.21 39.00 NOTE
r-release-macos-x86_64 0.1.21 62.00 NOTE
r-release-windows-x86_64 0.1.21 11.00 95.00 106.00 NOTE
r-oldrel-macos-arm64 0.1.21 49.00 NOTE
r-oldrel-macos-x86_64 0.1.21 76.00 NOTE
r-oldrel-windows-x86_64 0.1.21 14.00 113.00 127.00 NOTE

Check Details

Version: 0.1.21
Check: LazyData
Result: NOTE 'LazyData' is specified without a 'data' directory Flavors: r-patched-linux-x86_64, r-release-linux-x86_64, r-release-macos-arm64, r-release-macos-x86_64, r-release-windows-x86_64, r-oldrel-macos-arm64, r-oldrel-macos-x86_64, r-oldrel-windows-x86_64