Last updated on 2025-02-21 02:52:27 CET.
Flavor | Version | Tinstall | Tcheck | Ttotal | Status | Flags |
---|---|---|---|---|---|---|
r-devel-linux-x86_64-debian-clang | 0.2.0 | 16.69 | 147.06 | 163.75 | NOTE | |
r-devel-linux-x86_64-debian-gcc | 0.2.0 | 11.54 | 100.31 | 111.85 | NOTE | |
r-devel-linux-x86_64-fedora-clang | 0.2.0 | 249.75 | NOTE | |||
r-devel-linux-x86_64-fedora-gcc | 0.2.0 | 249.90 | NOTE | |||
r-devel-macos-arm64 | 0.2.0 | 71.00 | OK | |||
r-devel-macos-x86_64 | 0.2.0 | 143.00 | NOTE | |||
r-devel-windows-x86_64 | 0.2.0 | 18.00 | 146.00 | 164.00 | NOTE | |
r-patched-linux-x86_64 | 0.2.0 | 16.71 | 133.13 | 149.84 | OK | |
r-release-linux-x86_64 | 0.2.0 | 15.79 | 133.78 | 149.57 | OK | |
r-release-macos-arm64 | 0.2.0 | 65.00 | OK | |||
r-release-macos-x86_64 | 0.2.0 | 101.00 | OK | |||
r-release-windows-x86_64 | 0.2.0 | 17.00 | 139.00 | 156.00 | OK | |
r-oldrel-macos-arm64 | 0.2.0 | 76.00 | OK | |||
r-oldrel-macos-x86_64 | 0.2.0 | 167.00 | OK | |||
r-oldrel-windows-x86_64 | 0.2.0 | 23.00 | 200.00 | 223.00 | OK |
Version: 0.2.0
Check: DESCRIPTION meta-information
Result: NOTE
Missing dependency on R >= 4.1.0 because package code uses the pipe
|> or function shorthand \(...) syntax added in R 4.1.0.
File(s) using such syntax:
‘utils-perm.R’
Flavors: r-devel-linux-x86_64-debian-clang, r-devel-linux-x86_64-debian-gcc, r-devel-linux-x86_64-fedora-clang, r-devel-linux-x86_64-fedora-gcc, r-devel-macos-x86_64, r-devel-windows-x86_64