Last updated on 2025-02-16 14:50:48 CET.
Flavor | Version | Tinstall | Tcheck | Ttotal | Status | Flags |
---|---|---|---|---|---|---|
r-devel-linux-x86_64-debian-clang | 0.1.1 | 15.34 | 26.04 | 41.38 | OK | |
r-devel-linux-x86_64-debian-gcc | 0.1.1 | 12.44 | 21.32 | 33.76 | OK | |
r-devel-linux-x86_64-fedora-clang | 0.1.1 | 68.16 | OK | |||
r-devel-linux-x86_64-fedora-gcc | 0.1.1 | 76.11 | OK | |||
r-devel-macos-arm64 | 0.1.1 | 27.00 | OK | |||
r-devel-macos-x86_64 | 0.1.1 | 53.00 | OK | |||
r-devel-windows-x86_64 | 0.1.1 | 15.00 | 44.00 | 59.00 | OK | |
r-patched-linux-x86_64 | 0.1.1 | 15.38 | 25.64 | 41.02 | OK | |
r-release-linux-x86_64 | 0.1.1 | 16.65 | 25.13 | 41.78 | OK | |
r-release-macos-arm64 | 0.1.1 | 29.00 | NOTE | |||
r-release-macos-x86_64 | 0.1.1 | 43.00 | NOTE | |||
r-release-windows-x86_64 | 0.1.1 | 16.00 | 43.00 | 59.00 | NOTE | |
r-oldrel-macos-arm64 | 0.1.1 | 29.00 | NOTE | |||
r-oldrel-macos-x86_64 | 0.1.1 | 51.00 | NOTE | |||
r-oldrel-windows-x86_64 | 0.1.1 | 19.00 | 46.00 | 65.00 | NOTE |
Version: 0.1.1
Check: installed package size
Result: NOTE
installed size is 6.2Mb
sub-directories of 1Mb or more:
data 6.2Mb
Flavors: r-release-macos-arm64, r-release-macos-x86_64, r-release-windows-x86_64, r-oldrel-macos-arm64, r-oldrel-macos-x86_64, r-oldrel-windows-x86_64