Last updated on 2025-02-21 02:52:27 CET.
Flavor | Version | Tinstall | Tcheck | Ttotal | Status | Flags |
---|---|---|---|---|---|---|
r-devel-linux-x86_64-debian-clang | 0.1.5 | 15.41 | 64.60 | 80.01 | NOTE | |
r-devel-linux-x86_64-debian-gcc | 0.1.5 | 13.35 | 56.01 | 69.36 | NOTE | |
r-devel-linux-x86_64-fedora-clang | 0.1.5 | 126.88 | NOTE | |||
r-devel-linux-x86_64-fedora-gcc | 0.1.5 | 152.15 | NOTE | |||
r-devel-macos-arm64 | 0.1.5 | 44.00 | NOTE | |||
r-devel-macos-x86_64 | 0.1.5 | 91.00 | NOTE | |||
r-devel-windows-x86_64 | 0.1.5 | 20.00 | 137.00 | 157.00 | NOTE | |
r-patched-linux-x86_64 | 0.1.5 | 19.34 | 62.61 | 81.95 | NOTE | |
r-release-linux-x86_64 | 0.1.5 | 18.27 | 62.15 | 80.42 | NOTE | |
r-release-macos-arm64 | 0.1.5 | 44.00 | NOTE | |||
r-release-macos-x86_64 | 0.1.5 | 83.00 | NOTE | |||
r-release-windows-x86_64 | 0.1.5 | 22.00 | 138.00 | 160.00 | NOTE | |
r-oldrel-macos-arm64 | 0.1.5 | 46.00 | OK | |||
r-oldrel-macos-x86_64 | 0.1.5 | 74.00 | OK | |||
r-oldrel-windows-x86_64 | 0.1.5 | 25.00 | 133.00 | 158.00 | OK |
Version: 0.1.5
Check: Rd files
Result: NOTE
checkRd: (-1) make.phrase.matrix.Rd:20: Lost braces
20 | \\tabular{rrrrr}{
| ^
checkRd: (-1) make.phrase.matrix.Rd:20-23: Lost braces
20 | \\tabular{rrrrr}{
| ^
Flavors: r-devel-linux-x86_64-debian-clang, r-devel-linux-x86_64-debian-gcc, r-devel-linux-x86_64-fedora-clang, r-devel-linux-x86_64-fedora-gcc, r-devel-macos-arm64, r-devel-macos-x86_64, r-devel-windows-x86_64, r-patched-linux-x86_64, r-release-linux-x86_64, r-release-macos-arm64, r-release-macos-x86_64, r-release-windows-x86_64