Last updated on 2025-05-18 02:49:51 CEST.
Flavor | Version | Tinstall | Tcheck | Ttotal | Status | Flags |
---|---|---|---|---|---|---|
r-devel-linux-x86_64-debian-clang | 0.1.5 | 21.83 | 63.98 | 85.81 | OK | |
r-devel-linux-x86_64-debian-gcc | 0.1.5 | 16.50 | 49.23 | 65.73 | OK | |
r-devel-linux-x86_64-fedora-clang | 0.1.5 | 149.93 | OK | |||
r-devel-linux-x86_64-fedora-gcc | 0.1.5 | 157.65 | OK | |||
r-devel-windows-x86_64 | 0.1.5 | 36.00 | 102.00 | 138.00 | OK | |
r-patched-linux-x86_64 | 0.1.5 | 21.83 | 59.76 | 81.59 | OK | |
r-release-linux-x86_64 | 0.1.5 | 23.08 | 59.08 | 82.16 | OK | |
r-release-macos-arm64 | 0.1.5 | 49.00 | OK | |||
r-release-macos-x86_64 | 0.1.5 | 96.00 | OK | |||
r-release-windows-x86_64 | 0.1.5 | 40.00 | 107.00 | 147.00 | OK | |
r-oldrel-macos-arm64 | 0.1.5 | 52.00 | NOTE | |||
r-oldrel-macos-x86_64 | 0.1.5 | 69.00 | NOTE | |||
r-oldrel-windows-x86_64 | 0.1.5 | 39.00 | 123.00 | 162.00 | NOTE |
Version: 0.1.5
Check: LazyData
Result: NOTE
'LazyData' is specified without a 'data' directory
Flavors: r-oldrel-macos-arm64, r-oldrel-macos-x86_64, r-oldrel-windows-x86_64