Last updated on 2025-02-18 02:50:51 CET.
Flavor | Version | Tinstall | Tcheck | Ttotal | Status | Flags |
---|---|---|---|---|---|---|
r-devel-linux-x86_64-debian-clang | 0.6.1 | 7.95 | 70.59 | 78.54 | OK | |
r-devel-linux-x86_64-debian-gcc | 0.6.1 | 6.03 | 53.60 | 59.63 | OK | |
r-devel-linux-x86_64-fedora-clang | 0.6.1 | 128.41 | OK | |||
r-devel-linux-x86_64-fedora-gcc | 0.6.1 | 135.12 | OK | |||
r-devel-macos-arm64 | 0.6.1 | 50.00 | OK | |||
r-devel-macos-x86_64 | 0.6.1 | 97.00 | OK | |||
r-devel-windows-x86_64 | 0.6.1 | 10.00 | 115.00 | 125.00 | OK | |
r-patched-linux-x86_64 | 0.6.1 | 7.50 | 66.38 | 73.88 | NOTE | |
r-release-linux-x86_64 | 0.6.1 | 8.30 | 67.16 | 75.46 | NOTE | |
r-release-macos-arm64 | 0.6.1 | 42.00 | NOTE | |||
r-release-macos-x86_64 | 0.6.1 | 67.00 | NOTE | |||
r-release-windows-x86_64 | 0.6.1 | 10.00 | 121.00 | 131.00 | NOTE | |
r-oldrel-macos-arm64 | 0.6.1 | 46.00 | NOTE | |||
r-oldrel-macos-x86_64 | 0.6.1 | 75.00 | NOTE | |||
r-oldrel-windows-x86_64 | 0.6.1 | 10.00 | 111.00 | 121.00 | NOTE |
Version: 0.6.1
Check: LazyData
Result: NOTE
'LazyData' is specified without a 'data' directory
Flavors: r-patched-linux-x86_64, r-release-linux-x86_64, r-release-macos-arm64, r-release-macos-x86_64, r-release-windows-x86_64, r-oldrel-macos-arm64, r-oldrel-macos-x86_64, r-oldrel-windows-x86_64