CRAN Package Check Results for Package tgamtheme

Last updated on 2025-02-21 02:52:27 CET.

Flavor Version Tinstall Tcheck Ttotal Status Flags
r-devel-linux-x86_64-debian-clang 0.1.0 1.76 21.24 23.00 OK
r-devel-linux-x86_64-debian-gcc 0.1.0 1.37 16.75 18.12 OK
r-devel-linux-x86_64-fedora-clang 0.1.0 38.19 OK
r-devel-linux-x86_64-fedora-gcc 0.1.0 35.19 OK
r-devel-macos-arm64 0.1.0 17.00 OK
r-devel-macos-x86_64 0.1.0 31.00 OK
r-devel-windows-x86_64 0.1.0 3.00 44.00 47.00 OK
r-patched-linux-x86_64 0.1.0 1.73 20.22 21.95 NOTE
r-release-linux-x86_64 0.1.0 1.53 20.21 21.74 NOTE
r-release-macos-arm64 0.1.0 16.00 NOTE
r-release-macos-x86_64 0.1.0 23.00 NOTE
r-release-windows-x86_64 0.1.0 3.00 45.00 48.00 NOTE
r-oldrel-macos-arm64 0.1.0 18.00 NOTE
r-oldrel-macos-x86_64 0.1.0 23.00 NOTE
r-oldrel-windows-x86_64 0.1.0 3.00 58.00 61.00 NOTE

Check Details

Version: 0.1.0
Check: LazyData
Result: NOTE 'LazyData' is specified without a 'data' directory Flavors: r-patched-linux-x86_64, r-release-linux-x86_64, r-release-macos-arm64, r-release-macos-x86_64, r-release-windows-x86_64, r-oldrel-macos-arm64, r-oldrel-macos-x86_64, r-oldrel-windows-x86_64