Last updated on 2025-02-21 02:52:27 CET.
Flavor | Version | Tinstall | Tcheck | Ttotal | Status | Flags |
---|---|---|---|---|---|---|
r-devel-linux-x86_64-debian-clang | 0.1.0 | 14.78 | 43.30 | 58.08 | OK | |
r-devel-linux-x86_64-debian-gcc | 0.1.0 | 10.00 | 33.07 | 43.07 | OK | |
r-devel-linux-x86_64-fedora-clang | 0.1.0 | 99.48 | OK | |||
r-devel-linux-x86_64-fedora-gcc | 0.1.0 | 87.43 | OK | |||
r-devel-macos-arm64 | 0.1.0 | 33.00 | OK | |||
r-devel-macos-x86_64 | 0.1.0 | 63.00 | OK | |||
r-devel-windows-x86_64 | 0.1.0 | 16.00 | 61.00 | 77.00 | OK | |
r-patched-linux-x86_64 | 0.1.0 | 14.87 | 40.42 | 55.29 | OK | |
r-release-linux-x86_64 | 0.1.0 | 13.62 | 41.10 | 54.72 | OK | |
r-release-macos-arm64 | 0.1.0 | 33.00 | NOTE | |||
r-release-macos-x86_64 | 0.1.0 | 49.00 | NOTE | |||
r-release-windows-x86_64 | 0.1.0 | 17.00 | 60.00 | 77.00 | NOTE | |
r-oldrel-macos-arm64 | 0.1.0 | 35.00 | NOTE | |||
r-oldrel-macos-x86_64 | 0.1.0 | 54.00 | NOTE | |||
r-oldrel-windows-x86_64 | 0.1.0 | 22.00 | 68.00 | 90.00 | NOTE |
Version: 0.1.0
Check: installed package size
Result: NOTE
installed size is 9.1Mb
sub-directories of 1Mb or more:
R 5.1Mb
data 4.0Mb
Flavors: r-release-macos-arm64, r-release-macos-x86_64, r-release-windows-x86_64, r-oldrel-macos-arm64, r-oldrel-macos-x86_64, r-oldrel-windows-x86_64