Last updated on 2025-02-18 02:50:51 CET.
Flavor | Version | Tinstall | Tcheck | Ttotal | Status | Flags |
---|---|---|---|---|---|---|
r-devel-linux-x86_64-debian-clang | 0.12.5 | 274.71 | 162.36 | 437.07 | OK | |
r-devel-linux-x86_64-debian-gcc | 0.12.5 | 255.68 | 136.88 | 392.56 | OK | |
r-devel-linux-x86_64-fedora-clang | 0.12.5 | 701.92 | OK | |||
r-devel-linux-x86_64-fedora-gcc | 0.12.5 | 873.17 | OK | |||
r-devel-macos-arm64 | 0.12.5 | 179.00 | OK | |||
r-devel-macos-x86_64 | 0.12.5 | 336.00 | OK | |||
r-devel-windows-x86_64 | 0.12.5 | 261.00 | 199.00 | 460.00 | OK | |
r-patched-linux-x86_64 | 0.12.5 | 324.14 | 179.14 | 503.28 | NOTE | |
r-release-linux-x86_64 | 0.12.5 | 320.62 | 179.66 | 500.28 | NOTE | |
r-release-macos-arm64 | 0.12.5 | 101.00 | NOTE | |||
r-release-macos-x86_64 | 0.12.5 | 149.00 | NOTE | |||
r-release-windows-x86_64 | 0.12.5 | 255.00 | 204.00 | 459.00 | NOTE | |
r-oldrel-macos-arm64 | 0.12.5 | 198.00 | NOTE | |||
r-oldrel-macos-x86_64 | 0.12.5 | 359.00 | NOTE | |||
r-oldrel-windows-x86_64 | 0.12.5 | 349.00 | 255.00 | 604.00 | NOTE |
Version: 0.12.5
Check: for GNU extensions in Makefiles
Result: NOTE
GNU make is a SystemRequirements.
Flavors: r-patched-linux-x86_64, r-release-linux-x86_64, r-release-macos-arm64, r-release-macos-x86_64, r-release-windows-x86_64, r-oldrel-macos-arm64, r-oldrel-macos-x86_64, r-oldrel-windows-x86_64
Version: 0.12.5
Check: installed package size
Result: NOTE
installed size is 84.4Mb
sub-directories of 1Mb or more:
libs 84.0Mb
Flavors: r-release-macos-arm64, r-release-macos-x86_64, r-oldrel-macos-arm64, r-oldrel-macos-x86_64