Last updated on 2025-02-21 02:52:27 CET.
Flavor | Version | Tinstall | Tcheck | Ttotal | Status | Flags |
---|---|---|---|---|---|---|
r-devel-linux-x86_64-debian-clang | 1.0.0 | 3.30 | 72.27 | 75.57 | NOTE | |
r-devel-linux-x86_64-debian-gcc | 1.0.0 | 2.29 | 52.88 | 55.17 | NOTE | |
r-devel-linux-x86_64-fedora-clang | 1.0.0 | 132.62 | OK | |||
r-devel-linux-x86_64-fedora-gcc | 1.0.0 | 129.56 | OK | |||
r-devel-macos-arm64 | 1.0.0 | 82.00 | OK | |||
r-devel-macos-x86_64 | 1.0.0 | 137.00 | OK | |||
r-devel-windows-x86_64 | 1.0.0 | 6.00 | 118.00 | 124.00 | NOTE | |
r-patched-linux-x86_64 | 1.0.0 | 9.02 | 68.65 | 77.67 | OK | |
r-release-linux-x86_64 | 1.0.0 | 2.77 | 68.39 | 71.16 | OK | |
r-release-macos-arm64 | 1.0.0 | 76.00 | OK | |||
r-release-macos-x86_64 | 1.0.0 | 108.00 | OK | |||
r-release-windows-x86_64 | 1.0.0 | 7.00 | 114.00 | 121.00 | OK | |
r-oldrel-macos-arm64 | 1.0.0 | 76.00 | OK | |||
r-oldrel-macos-x86_64 | 1.0.0 | 142.00 | OK | |||
r-oldrel-windows-x86_64 | 1.0.0 | 7.00 | 162.00 | 169.00 | OK |
Version: 1.0.0
Check: Rd cross-references
Result: NOTE
Found the following Rd file(s) with Rd \link{} targets missing package
anchors:
plot.mc.Rd: ggplot2
plot.summary.mc.Rd: ggplot2
tidy_mc_latex.Rd: kableExtra
Please provide package anchors for all Rd \link{} targets not in the
package itself and the base packages.
Flavors: r-devel-linux-x86_64-debian-clang, r-devel-linux-x86_64-debian-gcc, r-devel-windows-x86_64