CRAN Package Check Results for Package tidycode

Last updated on 2025-02-21 02:52:27 CET.

Flavor Version Tinstall Tcheck Ttotal Status Flags
r-devel-linux-x86_64-debian-clang 0.1.1 2.98 34.70 37.68 OK
r-devel-linux-x86_64-debian-gcc 0.1.1 2.08 26.33 28.41 OK
r-devel-linux-x86_64-fedora-clang 0.1.1 64.08 OK
r-devel-linux-x86_64-fedora-gcc 0.1.1 73.55 OK
r-devel-macos-arm64 0.1.1 27.00 OK
r-devel-macos-x86_64 0.1.1 46.00 OK
r-devel-windows-x86_64 0.1.1 6.00 59.00 65.00 OK
r-patched-linux-x86_64 0.1.1 2.79 33.37 36.16 NOTE
r-release-linux-x86_64 0.1.1 2.35 33.07 35.42 NOTE
r-release-macos-arm64 0.1.1 27.00 NOTE
r-release-macos-x86_64 0.1.1 42.00 NOTE
r-release-windows-x86_64 0.1.1 6.00 58.00 64.00 NOTE
r-oldrel-macos-arm64 0.1.1 28.00 NOTE
r-oldrel-macos-x86_64 0.1.1 41.00 NOTE
r-oldrel-windows-x86_64 0.1.1 6.00 68.00 74.00 NOTE

Check Details

Version: 0.1.1
Check: LazyData
Result: NOTE 'LazyData' is specified without a 'data' directory Flavors: r-patched-linux-x86_64, r-release-linux-x86_64, r-release-macos-arm64, r-release-macos-x86_64, r-release-windows-x86_64, r-oldrel-macos-arm64, r-oldrel-macos-x86_64, r-oldrel-windows-x86_64