Last updated on 2024-05-21 02:54:42 CEST.
Flavor | Version | Tinstall | Tcheck | Ttotal | Status | Flags |
---|---|---|---|---|---|---|
r-devel-linux-x86_64-debian-clang | 0.1.0 | 1.92 | 25.51 | 27.43 | OK | |
r-devel-linux-x86_64-debian-gcc | 0.1.0 | 1.71 | 20.24 | 21.95 | OK | |
r-devel-linux-x86_64-fedora-clang | 0.1.0 | 35.12 | NOTE | |||
r-devel-linux-x86_64-fedora-gcc | 0.1.0 | 33.24 | OK | |||
r-devel-windows-x86_64 | 0.1.0 | 3.00 | 41.00 | 44.00 | OK | |
r-patched-linux-x86_64 | 0.1.0 | 1.35 | 25.14 | 26.49 | OK | |
r-release-linux-x86_64 | 0.1.0 | 1.86 | 25.08 | 26.94 | OK | |
r-release-macos-arm64 | 0.1.0 | 18.00 | OK | |||
r-release-windows-x86_64 | 0.1.0 | 4.00 | 78228.00 | 78232.00 | OK | |
r-oldrel-macos-arm64 | 0.1.0 | 17.00 | OK | |||
r-oldrel-macos-x86_64 | 0.1.0 | 21.00 | OK | |||
r-oldrel-windows-x86_64 | 0.1.0 | 4.00 | 42.00 | 46.00 | OK |
Version: 0.1.0
Check: Rd cross-references
Result: NOTE
Undeclared package ‘tidyselect’ in Rd xrefs
Flavor: r-devel-linux-x86_64-fedora-clang