Last updated on 2025-02-18 02:50:51 CET.
Flavor | Version | Tinstall | Tcheck | Ttotal | Status | Flags |
---|---|---|---|---|---|---|
r-devel-linux-x86_64-debian-clang | 0.3.2 | 6.89 | 226.94 | 233.83 | NOTE | |
r-devel-linux-x86_64-debian-gcc | 0.3.2 | 4.18 | 154.72 | 158.90 | NOTE | |
r-devel-linux-x86_64-fedora-clang | 0.3.2 | 407.07 | NOTE | |||
r-devel-linux-x86_64-fedora-gcc | 0.3.2 | 368.05 | NOTE | |||
r-devel-macos-arm64 | 0.3.2 | 107.00 | NOTE | |||
r-devel-macos-x86_64 | 0.3.2 | 235.00 | NOTE | |||
r-devel-windows-x86_64 | 0.3.2 | 8.00 | 206.00 | 214.00 | NOTE | |
r-patched-linux-x86_64 | 0.3.2 | 6.97 | 216.45 | 223.42 | NOTE | |
r-release-linux-x86_64 | 0.3.2 | 6.73 | 215.93 | 222.66 | NOTE | |
r-release-macos-arm64 | 0.3.2 | 96.00 | NOTE | |||
r-release-macos-x86_64 | 0.3.2 | 174.00 | NOTE | |||
r-release-windows-x86_64 | 0.3.2 | 9.00 | 202.00 | 211.00 | NOTE | |
r-oldrel-macos-arm64 | 0.3.2 | 119.00 | OK | |||
r-oldrel-macos-x86_64 | 0.3.2 | 210.00 | OK | |||
r-oldrel-windows-x86_64 | 0.3.2 | 12.00 | 273.00 | 285.00 | OK |
Version: 0.3.2
Check: Rd files
Result: NOTE
checkRd: (-1) json_schema.Rd:33: Lost braces; missing escapes or markup?
33 | \item object -> {"name": <type>} e.g., {"age": 32} -> {"age": "number"}
| ^
checkRd: (-1) json_schema.Rd:33: Lost braces; missing escapes or markup?
33 | \item object -> {"name": <type>} e.g., {"age": 32} -> {"age": "number"}
| ^
checkRd: (-1) json_schema.Rd:33: Lost braces; missing escapes or markup?
33 | \item object -> {"name": <type>} e.g., {"age": 32} -> {"age": "number"}
| ^
Flavors: r-devel-linux-x86_64-debian-clang, r-devel-linux-x86_64-debian-gcc, r-devel-linux-x86_64-fedora-clang, r-devel-linux-x86_64-fedora-gcc, r-devel-macos-arm64, r-devel-macos-x86_64, r-devel-windows-x86_64, r-patched-linux-x86_64, r-release-linux-x86_64, r-release-macos-arm64, r-release-macos-x86_64, r-release-windows-x86_64