Last updated on 2025-05-19 14:49:44 CEST.
Flavor | Version | Tinstall | Tcheck | Ttotal | Status | Flags |
---|---|---|---|---|---|---|
r-devel-linux-x86_64-debian-clang | 0.3.0 | 26.63 | 25.48 | 52.11 | OK | |
r-devel-linux-x86_64-debian-gcc | 0.3.0 | 21.94 | 20.45 | 42.39 | OK | |
r-devel-linux-x86_64-fedora-clang | 0.3.0 | 114.84 | OK | |||
r-devel-linux-x86_64-fedora-gcc | 0.3.0 | 104.14 | OK | |||
r-devel-windows-x86_64 | 0.3.0 | 40.00 | 81.00 | 121.00 | OK | |
r-patched-linux-x86_64 | 0.3.0 | 27.75 | 24.15 | 51.90 | OK | |
r-release-linux-x86_64 | 0.3.0 | 27.48 | 24.22 | 51.70 | OK | |
r-release-macos-arm64 | 0.3.0 | 27.00 | ERROR | |||
r-release-macos-x86_64 | 0.3.0 | 44.00 | OK | |||
r-release-windows-x86_64 | 0.3.0 | 1.00 | 5.00 | 6.00 | ERROR | |
r-oldrel-macos-arm64 | 0.3.0 | 32.00 | OK | |||
r-oldrel-macos-x86_64 | 0.3.0 | 35.00 | OK | |||
r-oldrel-windows-x86_64 | 0.3.0 | 47.00 | 82.00 | 129.00 | OK |
Version: 0.3.0
Check: tests
Result: ERROR
Running ‘testthat.R’ [0s/0s]
Running the tests in ‘tests/testthat.R’ failed.
Complete output:
>
> library(testthat)
> test_check("timechange")
Loading required package: timechange
Error in loadNamespace(x) : there is no package called 'desc'
Calls: test_check ... loadNamespace -> withRestarts -> withOneRestart -> doWithOneRestart
Execution halted
Flavor: r-release-macos-arm64
Version: 0.3.0
Check: whether package can be installed
Result: ERROR
Installation failed.
Flavor: r-release-windows-x86_64