Last updated on 2025-02-21 02:52:27 CET.
Flavor | Version | Tinstall | Tcheck | Ttotal | Status | Flags |
---|---|---|---|---|---|---|
r-devel-linux-x86_64-debian-clang | 0.0.1 | 5.30 | 45.87 | 51.17 | NOTE | |
r-devel-linux-x86_64-debian-gcc | 0.0.1 | 4.27 | 33.47 | 37.74 | NOTE | |
r-devel-linux-x86_64-fedora-clang | 0.0.1 | 88.23 | NOTE | |||
r-devel-linux-x86_64-fedora-gcc | 0.0.1 | 79.43 | NOTE | |||
r-devel-macos-arm64 | 0.0.1 | 29.00 | NOTE | |||
r-devel-macos-x86_64 | 0.0.1 | 71.00 | NOTE | |||
r-devel-windows-x86_64 | 0.0.1 | 7.00 | 62.00 | 69.00 | NOTE | |
r-patched-linux-x86_64 | 0.0.1 | 4.73 | 43.59 | 48.32 | NOTE | |
r-release-linux-x86_64 | 0.0.1 | 5.74 | 43.15 | 48.89 | NOTE | |
r-release-macos-arm64 | 0.0.1 | 28.00 | NOTE | |||
r-release-macos-x86_64 | 0.0.1 | 41.00 | NOTE | |||
r-release-windows-x86_64 | 0.0.1 | 7.00 | 65.00 | 72.00 | NOTE | |
r-oldrel-macos-arm64 | 0.0.1 | 27.00 | OK | |||
r-oldrel-macos-x86_64 | 0.0.1 | 43.00 | OK | |||
r-oldrel-windows-x86_64 | 0.0.1 | 9.00 | 87.00 | 96.00 | OK |
Version: 0.0.1
Check: Rd files
Result: NOTE
checkRd: (-1) fixed_width_no_modeling.Rd:26: Lost braces in \itemize; \value handles \item{}{} directly
checkRd: (-1) fixed_width_no_modeling.Rd:27: Lost braces in \itemize; \value handles \item{}{} directly
checkRd: (-1) fixed_width_no_modeling.Rd:28: Lost braces in \itemize; \value handles \item{}{} directly
Flavors: r-devel-linux-x86_64-debian-clang, r-devel-linux-x86_64-debian-gcc, r-devel-linux-x86_64-fedora-clang, r-devel-linux-x86_64-fedora-gcc, r-devel-macos-arm64, r-devel-macos-x86_64, r-devel-windows-x86_64, r-patched-linux-x86_64, r-release-linux-x86_64, r-release-macos-arm64, r-release-macos-x86_64, r-release-windows-x86_64