Last updated on 2024-05-21 14:57:27 CEST.
Flavor | Version | Tinstall | Tcheck | Ttotal | Status | Flags |
---|---|---|---|---|---|---|
r-devel-linux-x86_64-debian-clang | 0.0.1 | 6.30 | 57.50 | 63.80 | NOTE | |
r-devel-linux-x86_64-debian-gcc | 0.0.1 | 5.72 | 44.66 | 50.38 | NOTE | |
r-devel-linux-x86_64-fedora-clang | 0.0.1 | 82.33 | NOTE | |||
r-devel-linux-x86_64-fedora-gcc | 0.0.1 | 81.45 | NOTE | |||
r-devel-windows-x86_64 | 0.0.1 | 7.00 | 64.00 | 71.00 | NOTE | |
r-patched-linux-x86_64 | 0.0.1 | 5.24 | 57.12 | 62.36 | NOTE | |
r-release-linux-x86_64 | 0.0.1 | 7.16 | 56.97 | 64.13 | NOTE | |
r-release-macos-arm64 | 0.0.1 | 28.00 | NOTE | |||
r-release-windows-x86_64 | 0.0.1 | 7.00 | 64.00 | 71.00 | NOTE | |
r-oldrel-macos-arm64 | 0.0.1 | 27.00 | OK | |||
r-oldrel-macos-x86_64 | 0.0.1 | 43.00 | OK | |||
r-oldrel-windows-x86_64 | 0.0.1 | 8.00 | 70.00 | 78.00 | OK |
Version: 0.0.1
Check: Rd files
Result: NOTE
checkRd: (-1) fixed_width_no_modeling.Rd:26: Lost braces in \itemize; \value handles \item{}{} directly
checkRd: (-1) fixed_width_no_modeling.Rd:27: Lost braces in \itemize; \value handles \item{}{} directly
checkRd: (-1) fixed_width_no_modeling.Rd:28: Lost braces in \itemize; \value handles \item{}{} directly
Flavors: r-devel-linux-x86_64-debian-clang, r-devel-linux-x86_64-debian-gcc, r-devel-linux-x86_64-fedora-clang, r-devel-linux-x86_64-fedora-gcc, r-devel-windows-x86_64, r-patched-linux-x86_64, r-release-linux-x86_64, r-release-macos-arm64, r-release-windows-x86_64