CRAN Package Check Results for Package tpAUC

Last updated on 2025-02-21 02:52:27 CET.

Flavor Version Tinstall Tcheck Ttotal Status Flags
r-devel-linux-x86_64-debian-clang 2.1.1 2.36 30.59 32.95 OK
r-devel-linux-x86_64-debian-gcc 2.1.1 2.17 23.58 25.75 OK
r-devel-linux-x86_64-fedora-clang 2.1.1 59.71 OK
r-devel-linux-x86_64-fedora-gcc 2.1.1 65.18 OK
r-devel-macos-arm64 2.1.1 29.00 OK
r-devel-macos-x86_64 2.1.1 44.00 OK
r-devel-windows-x86_64 2.1.1 4.00 56.00 60.00 OK
r-patched-linux-x86_64 2.1.1 2.51 28.79 31.30 NOTE
r-release-linux-x86_64 2.1.1 2.32 28.94 31.26 NOTE
r-release-macos-arm64 2.1.1 28.00 NOTE
r-release-macos-x86_64 2.1.1 39.00 NOTE
r-release-windows-x86_64 2.1.1 4.00 56.00 60.00 NOTE
r-oldrel-macos-arm64 2.1.1 26.00 NOTE
r-oldrel-macos-x86_64 2.1.1 38.00 NOTE
r-oldrel-windows-x86_64 2.1.1 5.00 91.00 96.00 NOTE

Check Details

Version: 2.1.1
Check: LazyData
Result: NOTE 'LazyData' is specified without a 'data' directory Flavors: r-patched-linux-x86_64, r-release-linux-x86_64, r-release-macos-arm64, r-release-macos-x86_64, r-release-windows-x86_64, r-oldrel-macos-arm64, r-oldrel-macos-x86_64, r-oldrel-windows-x86_64