Last updated on 2025-02-21 02:52:28 CET.
Flavor | Version | Tinstall | Tcheck | Ttotal | Status | Flags |
---|---|---|---|---|---|---|
r-devel-linux-x86_64-debian-clang | 0.1.0 | 10.92 | 226.09 | 237.01 | NOTE | |
r-devel-linux-x86_64-debian-gcc | 0.1.0 | 7.61 | 153.67 | 161.28 | NOTE | |
r-devel-linux-x86_64-fedora-clang | 0.1.0 | 390.54 | NOTE | |||
r-devel-linux-x86_64-fedora-gcc | 0.1.0 | 373.34 | NOTE | |||
r-devel-macos-arm64 | 0.1.0 | 118.00 | NOTE | |||
r-devel-macos-x86_64 | 0.1.0 | 230.00 | NOTE | |||
r-devel-windows-x86_64 | 0.1.0 | 12.00 | 216.00 | 228.00 | NOTE | |
r-patched-linux-x86_64 | 0.1.0 | 8.99 | 208.06 | 217.05 | NOTE | |
r-release-linux-x86_64 | 0.1.0 | 10.01 | 200.16 | 210.17 | NOTE | |
r-release-macos-arm64 | 0.1.0 | 110.00 | NOTE | |||
r-release-macos-x86_64 | 0.1.0 | 177.00 | NOTE | |||
r-release-windows-x86_64 | 0.1.0 | 10.00 | 228.00 | 238.00 | NOTE | |
r-oldrel-macos-arm64 | 0.1.0 | 102.00 | OK | |||
r-oldrel-macos-x86_64 | 0.1.0 | 274.00 | OK | |||
r-oldrel-windows-x86_64 | 0.1.0 | 15.00 | 281.00 | 296.00 | OK |
Version: 0.1.0
Check: Rd files
Result: NOTE
checkRd: (-1) trait_missing.Rd:17-18: Lost braces in \itemize; \value handles \item{}{} directly
checkRd: (-1) trait_missing.Rd:19-20: Lost braces in \itemize; \value handles \item{}{} directly
checkRd: (-1) trait_missing.Rd:21-22: Lost braces in \itemize; \value handles \item{}{} directly
checkRd: (-1) trait_missing.Rd:23-24: Lost braces in \itemize; \value handles \item{}{} directly
Flavors: r-devel-linux-x86_64-debian-clang, r-devel-linux-x86_64-debian-gcc, r-devel-linux-x86_64-fedora-clang, r-devel-linux-x86_64-fedora-gcc, r-devel-macos-arm64, r-devel-macos-x86_64, r-devel-windows-x86_64, r-patched-linux-x86_64, r-release-linux-x86_64, r-release-macos-arm64, r-release-macos-x86_64, r-release-windows-x86_64