Last updated on 2025-02-21 02:52:28 CET.
Flavor | Version | Tinstall | Tcheck | Ttotal | Status | Flags |
---|---|---|---|---|---|---|
r-devel-linux-x86_64-debian-clang | 1.0.7 | 132.48 | 245.34 | 377.82 | OK | |
r-devel-linux-x86_64-debian-gcc | 1.0.7 | 111.77 | 177.26 | 289.03 | OK | |
r-devel-linux-x86_64-fedora-clang | 1.0.7 | 674.45 | OK | |||
r-devel-linux-x86_64-fedora-gcc | 1.0.7 | 723.06 | OK | |||
r-devel-macos-arm64 | 1.0.7 | 181.00 | OK | |||
r-devel-macos-x86_64 | 1.0.7 | 380.00 | OK | |||
r-devel-windows-x86_64 | 1.0.7 | 122.00 | 317.00 | 439.00 | OK | |
r-patched-linux-x86_64 | 1.0.7 | 159.43 | 235.66 | 395.09 | OK | |
r-release-linux-x86_64 | 1.0.7 | 146.60 | 235.42 | 382.02 | OK | |
r-release-macos-arm64 | 1.0.7 | 174.00 | NOTE | |||
r-release-macos-x86_64 | 1.0.7 | 342.00 | NOTE | |||
r-release-windows-x86_64 | 1.0.7 | 122.00 | 325.00 | 447.00 | NOTE | |
r-oldrel-macos-arm64 | 1.0.7 | 175.00 | NOTE | |||
r-oldrel-macos-x86_64 | 1.0.7 | 343.00 | NOTE | |||
r-oldrel-windows-x86_64 | 1.0.7 | 154.00 | 379.00 | 533.00 | NOTE |
Version: 1.0.7
Check: installed package size
Result: NOTE
installed size is 69.1Mb
sub-directories of 1Mb or more:
doc 2.3Mb
libs 66.2Mb
Flavors: r-release-macos-arm64, r-release-macos-x86_64, r-release-windows-x86_64, r-oldrel-macos-arm64, r-oldrel-macos-x86_64, r-oldrel-windows-x86_64