Last updated on 2025-02-21 02:52:28 CET.
Flavor | Version | Tinstall | Tcheck | Ttotal | Status | Flags |
---|---|---|---|---|---|---|
r-devel-linux-x86_64-debian-clang | 0.15-4 | 67.55 | 64.16 | 131.71 | OK | |
r-devel-linux-x86_64-debian-gcc | 0.15-4 | 47.82 | 44.90 | 92.72 | OK | |
r-devel-linux-x86_64-fedora-clang | 0.15-4 | 295.83 | OK | |||
r-devel-linux-x86_64-fedora-gcc | 0.15-4 | 226.25 | OK | |||
r-devel-macos-arm64 | 0.15-4 | 56.00 | OK | |||
r-devel-macos-x86_64 | 0.15-4 | 82.00 | OK | |||
r-devel-windows-x86_64 | 0.15-4 | 77.00 | 110.00 | 187.00 | OK | |
r-patched-linux-x86_64 | 0.15-4 | 65.89 | 61.02 | 126.91 | OK | |
r-release-linux-x86_64 | 0.15-4 | 67.27 | 61.64 | 128.91 | OK | |
r-release-macos-arm64 | 0.15-4 | 59.00 | NOTE | |||
r-release-macos-x86_64 | 0.15-4 | 114.00 | NOTE | |||
r-release-windows-x86_64 | 0.15-4 | 80.00 | 110.00 | 190.00 | OK | |
r-oldrel-macos-arm64 | 0.15-4 | 74.00 | NOTE | |||
r-oldrel-macos-x86_64 | 0.15-4 | 84.00 | NOTE | |||
r-oldrel-windows-x86_64 | 0.15-4 | 92.00 | 129.00 | 221.00 | OK |
Version: 0.15-4
Check: installed package size
Result: NOTE
installed size is 8.8Mb
sub-directories of 1Mb or more:
libs 8.2Mb
Flavors: r-release-macos-arm64, r-release-macos-x86_64, r-oldrel-macos-arm64, r-oldrel-macos-x86_64