Last updated on 2025-02-21 02:52:28 CET.
Flavor | Version | Tinstall | Tcheck | Ttotal | Status | Flags |
---|---|---|---|---|---|---|
r-devel-linux-x86_64-debian-clang | 1.1.4.3 | 27.11 | 168.39 | 195.50 | NOTE | |
r-devel-linux-x86_64-debian-gcc | 1.1.4.3 | 21.27 | 136.88 | 158.15 | NOTE | |
r-devel-linux-x86_64-fedora-clang | 1.1.4.3 | 353.06 | OK | |||
r-devel-linux-x86_64-fedora-gcc | 1.1.4.3 | 314.30 | OK | |||
r-devel-macos-arm64 | 1.1.4.3 | 89.00 | OK | |||
r-devel-macos-x86_64 | 1.1.4.3 | 181.00 | OK | |||
r-devel-windows-x86_64 | 1.1.4.3 | 30.00 | 174.00 | 204.00 | NOTE | |
r-patched-linux-x86_64 | 1.1.4.3 | 30.47 | 155.18 | 185.65 | OK | |
r-release-linux-x86_64 | 1.1.4.3 | 27.62 | 153.69 | 181.31 | OK | |
r-release-macos-arm64 | 1.1.4.3 | 87.00 | OK | |||
r-release-macos-x86_64 | 1.1.4.3 | 135.00 | OK | |||
r-release-windows-x86_64 | 1.1.4.3 | 32.00 | 182.00 | 214.00 | OK | |
r-oldrel-macos-arm64 | 1.1.4.3 | 137.00 | OK | |||
r-oldrel-macos-x86_64 | 1.1.4.3 | 202.00 | OK | |||
r-oldrel-windows-x86_64 | 1.1.4.3 | 40.00 | 219.00 | 259.00 | OK |
Version: 1.1.4.3
Check: Rd cross-references
Result: NOTE
Found the following Rd file(s) with Rd \link{} targets missing package
anchors:
plotGroves.Rd: s.class
plotGrovesD3.Rd: scatterD3
plotTreeDiff.Rd: plot.phylo
Please provide package anchors for all Rd \link{} targets not in the
package itself and the base packages.
Flavors: r-devel-linux-x86_64-debian-clang, r-devel-linux-x86_64-debian-gcc, r-devel-windows-x86_64