Last updated on 2025-02-21 02:52:28 CET.
Flavor | Version | Tinstall | Tcheck | Ttotal | Status | Flags |
---|---|---|---|---|---|---|
r-devel-linux-x86_64-debian-clang | 1.70.5 | 62.50 | 138.22 | 200.72 | OK | |
r-devel-linux-x86_64-debian-gcc | 1.70.5 | 46.07 | 88.22 | 134.29 | OK | |
r-devel-linux-x86_64-fedora-clang | 1.70.5 | 339.20 | ERROR | |||
r-devel-linux-x86_64-fedora-gcc | 1.70.5 | 352.50 | ERROR | |||
r-devel-macos-arm64 | 1.70.5 | 94.00 | OK | |||
r-devel-macos-x86_64 | 1.70.5 | 161.00 | OK | |||
r-devel-windows-x86_64 | 1.70.5 | 66.00 | 199.00 | 265.00 | OK | |
r-patched-linux-x86_64 | 1.70.5 | 64.34 | 128.99 | 193.33 | OK | |
r-release-linux-x86_64 | 1.70.5 | 62.30 | 127.39 | 189.69 | OK | |
r-release-macos-arm64 | 1.70.5 | 101.00 | NOTE | |||
r-release-macos-x86_64 | 1.70.5 | 168.00 | NOTE | |||
r-release-windows-x86_64 | 1.70.5 | 70.00 | 200.00 | 270.00 | OK | |
r-oldrel-macos-arm64 | 1.70.5 | 152.00 | NOTE | |||
r-oldrel-macos-x86_64 | 1.70.5 | 233.00 | NOTE | |||
r-oldrel-windows-x86_64 | 1.70.5 | 80.00 | 240.00 | 320.00 | OK |
Version: 1.70.5
Check: re-building of vignette outputs
Result: ERROR
Error(s) in re-building vignettes:
--- re-building ‘Example_abc.Rmd’ using rmarkdown
** Processing: /data/gannet/ripley/R/packages/tests-clang/treestats.Rcheck/vign_test/treestats/vignettes/Example_abc_files/figure-html/plot_simpl2-1.png
576x576 pixels, 8 bits/pixel, 256 colors in palette
Reducing image to 8 bits/pixel, grayscale
Input IDAT size = 12984 bytes
Input file size = 13854 bytes
Trying:
zc = 9 zm = 8 zs = 0 f = 0 IDAT size = 11264
zc = 9 zm = 8 zs = 1 f = 0 IDAT size = 11236
zc = 1 zm = 8 zs = 2 f = 0
zc = 9 zm = 8 zs = 3 f = 0
zc = 9 zm = 8 zs = 0 f = 5
zc = 9 zm = 8 zs = 1 f = 5
zc = 1 zm = 8 zs = 2 f = 5
zc = 9 zm = 8 zs = 3 f = 5
Selecting parameters:
zc = 9 zm = 8 zs = 1 f = 0 IDAT size = 11236
Output IDAT size = 11236 bytes (1748 bytes decrease)
Output file size = 11314 bytes (2540 bytes = 18.33% decrease)
** Processing: /data/gannet/ripley/R/packages/tests-clang/treestats.Rcheck/vign_test/treestats/vignettes/Example_abc_files/figure-html/plot_simple-1.png
576x576 pixels, 8 bits/pixel, 256 colors in palette
Reducing image to 8 bits/pixel, grayscale
Input IDAT size = 22145 bytes
Input file size = 23027 bytes
Trying:
zc = 9 zm = 8 zs = 0 f = 0 IDAT size = 20680
zc = 9 zm = 8 zs = 1 f = 0 IDAT size = 20479
zc = 1 zm = 8 zs = 2 f = 0
zc = 9 zm = 8 zs = 3 f = 0
zc = 9 zm = 8 zs = 0 f = 5
zc = 9 zm = 8 zs = 1 f = 5
zc = 1 zm = 8 zs = 2 f = 5
zc = 9 zm = 8 zs = 3 f = 5
Selecting parameters:
zc = 9 zm = 8 zs = 1 f = 0 IDAT size = 20479
Output IDAT size = 20479 bytes (1666 bytes decrease)
Output file size = 20557 bytes (2470 bytes = 10.73% decrease)
Quitting from lines 86-102 [sim_ddd] (Example_abc.Rmd)
Error: processing vignette 'Example_abc.Rmd' failed with diagnostics:
variable 7 appears to be constant within groups
--- failed re-building ‘Example_abc.Rmd’
--- re-building ‘Example_data.Rmd’ using rmarkdown
** Processing: /data/gannet/ripley/R/packages/tests-clang/treestats.Rcheck/vign_test/treestats/vignettes/Example_data_files/figure-html/plot_size-1.png
576x576 pixels, 8 bits/pixel, 256 colors in palette
Reducing image to 8 bits/pixel, grayscale
Input IDAT size = 7446 bytes
Input file size = 8304 bytes
Trying:
zc = 9 zm = 8 zs = 0 f = 0 IDAT size = 6569
zc = 9 zm = 8 zs = 1 f = 0 IDAT size = 6549
zc = 1 zm = 8 zs = 2 f = 0
zc = 9 zm = 8 zs = 3 f = 0
zc = 9 zm = 8 zs = 0 f = 5
zc = 9 zm = 8 zs = 1 f = 5
zc = 1 zm = 8 zs = 2 f = 5
zc = 9 zm = 8 zs = 3 f = 5
Selecting parameters:
zc = 9 zm = 8 zs = 1 f = 0 IDAT size = 6549
Output IDAT size = 6549 bytes (897 bytes decrease)
Output file size = 6627 bytes (1677 bytes = 20.20% decrease)
Quitting from lines 61-64 [corr] (Example_data.Rmd)
Error: processing vignette 'Example_data.Rmd' failed with diagnostics:
NA/NaN/Inf in foreign function call (arg 10)
--- failed re-building ‘Example_data.Rmd’
--- re-building ‘Getting_started.Rmd’ using rmarkdown
--- finished re-building ‘Getting_started.Rmd’
--- re-building ‘Speed_improvement.Rmd’ using rmarkdown
** Processing: /data/gannet/ripley/R/packages/tests-clang/treestats.Rcheck/vign_test/treestats/vignettes/Speed_improvement_files/figure-html/unnamed-chunk-2-1.png
576x576 pixels, 8 bits/pixel, 256 colors in palette
Reducing image to 8 bits/pixel, grayscale
Input IDAT size = 11064 bytes
Input file size = 11934 bytes
Trying:
zc = 9 zm = 8 zs = 0 f = 0 IDAT size = 10269
zc = 9 zm = 8 zs = 1 f = 0
zc = 1 zm = 8 zs = 2 f = 0
zc = 9 zm = 8 zs = 3 f = 0
zc = 9 zm = 8 zs = 0 f = 5
zc = 9 zm = 8 zs = 1 f = 5
zc = 1 zm = 8 zs = 2 f = 5
zc = 9 zm = 8 zs = 3 f = 5
Selecting parameters:
zc = 9 zm = 8 zs = 0 f = 0 IDAT size = 10269
Output IDAT size = 10269 bytes (795 bytes decrease)
Output file size = 10347 bytes (1587 bytes = 13.30% decrease)
--- finished re-building ‘Speed_improvement.Rmd’
SUMMARY: processing the following files failed:
‘Example_abc.Rmd’ ‘Example_data.Rmd’
Error: Vignette re-building failed.
Execution halted
Flavor: r-devel-linux-x86_64-fedora-clang
Version: 1.70.5
Check: re-building of vignette outputs
Result: ERROR
Error(s) in re-building vignettes:
--- re-building ‘Example_abc.Rmd’ using rmarkdown
** Processing: /data/gannet/ripley/R/packages/tests-devel/treestats.Rcheck/vign_test/treestats/vignettes/Example_abc_files/figure-html/plot_simpl2-1.png
576x576 pixels, 8 bits/pixel, 256 colors in palette
Reducing image to 8 bits/pixel, grayscale
Input IDAT size = 13107 bytes
Input file size = 13977 bytes
Trying:
zc = 9 zm = 8 zs = 0 f = 0 IDAT size = 11433
zc = 9 zm = 8 zs = 1 f = 0 IDAT size = 11432
zc = 1 zm = 8 zs = 2 f = 0
zc = 9 zm = 8 zs = 3 f = 0
zc = 9 zm = 8 zs = 0 f = 5
zc = 9 zm = 8 zs = 1 f = 5
zc = 1 zm = 8 zs = 2 f = 5
zc = 9 zm = 8 zs = 3 f = 5
Selecting parameters:
zc = 9 zm = 8 zs = 1 f = 0 IDAT size = 11432
Output IDAT size = 11432 bytes (1675 bytes decrease)
Output file size = 11510 bytes (2467 bytes = 17.65% decrease)
** Processing: /data/gannet/ripley/R/packages/tests-devel/treestats.Rcheck/vign_test/treestats/vignettes/Example_abc_files/figure-html/plot_simple-1.png
576x576 pixels, 8 bits/pixel, 256 colors in palette
Reducing image to 8 bits/pixel, grayscale
Input IDAT size = 21143 bytes
Input file size = 22025 bytes
Trying:
zc = 9 zm = 8 zs = 0 f = 0 IDAT size = 19552
zc = 9 zm = 8 zs = 1 f = 0 IDAT size = 19365
zc = 1 zm = 8 zs = 2 f = 0
zc = 9 zm = 8 zs = 3 f = 0
zc = 9 zm = 8 zs = 0 f = 5
zc = 9 zm = 8 zs = 1 f = 5
zc = 1 zm = 8 zs = 2 f = 5
zc = 9 zm = 8 zs = 3 f = 5
Selecting parameters:
zc = 9 zm = 8 zs = 1 f = 0 IDAT size = 19365
Output IDAT size = 19365 bytes (1778 bytes decrease)
Output file size = 19443 bytes (2582 bytes = 11.72% decrease)
Quitting from lines 86-102 [sim_ddd] (Example_abc.Rmd)
Error: processing vignette 'Example_abc.Rmd' failed with diagnostics:
variable 7 appears to be constant within groups
--- failed re-building ‘Example_abc.Rmd’
--- re-building ‘Example_data.Rmd’ using rmarkdown
** Processing: /data/gannet/ripley/R/packages/tests-devel/treestats.Rcheck/vign_test/treestats/vignettes/Example_data_files/figure-html/plot_size-1.png
576x576 pixels, 8 bits/pixel, 256 colors in palette
Reducing image to 8 bits/pixel, grayscale
Input IDAT size = 7446 bytes
Input file size = 8304 bytes
Trying:
zc = 9 zm = 8 zs = 0 f = 0 IDAT size = 6569
zc = 9 zm = 8 zs = 1 f = 0 IDAT size = 6549
zc = 1 zm = 8 zs = 2 f = 0
zc = 9 zm = 8 zs = 3 f = 0
zc = 9 zm = 8 zs = 0 f = 5
zc = 9 zm = 8 zs = 1 f = 5
zc = 1 zm = 8 zs = 2 f = 5
zc = 9 zm = 8 zs = 3 f = 5
Selecting parameters:
zc = 9 zm = 8 zs = 1 f = 0 IDAT size = 6549
Output IDAT size = 6549 bytes (897 bytes decrease)
Output file size = 6627 bytes (1677 bytes = 20.20% decrease)
Quitting from lines 61-64 [corr] (Example_data.Rmd)
Error: processing vignette 'Example_data.Rmd' failed with diagnostics:
NA/NaN/Inf in foreign function call (arg 10)
--- failed re-building ‘Example_data.Rmd’
--- re-building ‘Getting_started.Rmd’ using rmarkdown
--- finished re-building ‘Getting_started.Rmd’
--- re-building ‘Speed_improvement.Rmd’ using rmarkdown
** Processing: /data/gannet/ripley/R/packages/tests-devel/treestats.Rcheck/vign_test/treestats/vignettes/Speed_improvement_files/figure-html/unnamed-chunk-2-1.png
576x576 pixels, 8 bits/pixel, 256 colors in palette
Reducing image to 8 bits/pixel, grayscale
Input IDAT size = 11064 bytes
Input file size = 11934 bytes
Trying:
zc = 9 zm = 8 zs = 0 f = 0 IDAT size = 10269
zc = 9 zm = 8 zs = 1 f = 0
zc = 1 zm = 8 zs = 2 f = 0
zc = 9 zm = 8 zs = 3 f = 0
zc = 9 zm = 8 zs = 0 f = 5
zc = 9 zm = 8 zs = 1 f = 5
zc = 1 zm = 8 zs = 2 f = 5
zc = 9 zm = 8 zs = 3 f = 5
Selecting parameters:
zc = 9 zm = 8 zs = 0 f = 0 IDAT size = 10269
Output IDAT size = 10269 bytes (795 bytes decrease)
Output file size = 10347 bytes (1587 bytes = 13.30% decrease)
--- finished re-building ‘Speed_improvement.Rmd’
SUMMARY: processing the following files failed:
‘Example_abc.Rmd’ ‘Example_data.Rmd’
Error: Vignette re-building failed.
Execution halted
Flavor: r-devel-linux-x86_64-fedora-gcc
Version: 1.70.5
Check: installed package size
Result: NOTE
installed size is 8.6Mb
sub-directories of 1Mb or more:
doc 3.1Mb
libs 5.0Mb
Flavors: r-release-macos-arm64, r-release-macos-x86_64, r-oldrel-macos-arm64, r-oldrel-macos-x86_64