CRAN Package Check Results for Package trustOptim

Last updated on 2025-02-21 02:52:28 CET.

Flavor Version Tinstall Tcheck Ttotal Status Flags
r-devel-linux-x86_64-debian-clang 0.8.7.3 36.72 60.84 97.56 NOTE
r-devel-linux-x86_64-debian-gcc 0.8.7.3 24.26 46.87 71.13 NOTE
r-devel-linux-x86_64-fedora-clang 0.8.7.3 168.90 NOTE
r-devel-linux-x86_64-fedora-gcc 0.8.7.3 196.13 NOTE
r-devel-macos-arm64 0.8.7.3 55.00 NOTE
r-devel-macos-x86_64 0.8.7.3 124.00 NOTE
r-devel-windows-x86_64 0.8.7.3 33.00 91.00 124.00 NOTE
r-patched-linux-x86_64 0.8.7.3 35.17 58.19 93.36 NOTE
r-release-linux-x86_64 0.8.7.3 35.91 58.82 94.73 NOTE
r-release-macos-arm64 0.8.7.3 54.00 NOTE
r-release-macos-x86_64 0.8.7.3 105.00 NOTE
r-release-windows-x86_64 0.8.7.3 35.00 91.00 126.00 NOTE
r-oldrel-macos-arm64 0.8.7.3 68.00 NOTE
r-oldrel-macos-x86_64 0.8.7.3 100.00 NOTE
r-oldrel-windows-x86_64 0.8.7.3 42.00 108.00 150.00 NOTE

Check Details

Version: 0.8.7.3
Check: C++ specification
Result: NOTE Specified C++11: please drop specification unless essential Flavors: r-devel-linux-x86_64-debian-clang, r-devel-linux-x86_64-debian-gcc, r-devel-linux-x86_64-fedora-clang, r-devel-linux-x86_64-fedora-gcc, r-devel-macos-arm64, r-devel-macos-x86_64, r-devel-windows-x86_64, r-patched-linux-x86_64, r-release-linux-x86_64, r-release-macos-arm64, r-release-macos-x86_64, r-release-windows-x86_64, r-oldrel-macos-arm64, r-oldrel-macos-x86_64, r-oldrel-windows-x86_64

Version: 0.8.7.3
Check: installed package size
Result: NOTE installed size is 8.4Mb sub-directories of 1Mb or more: libs 8.1Mb Flavors: r-release-macos-arm64, r-release-macos-x86_64, r-oldrel-macos-arm64, r-oldrel-macos-x86_64