CRAN Package Check Results for Package trustOptim

Last updated on 2025-05-19 14:49:45 CEST.

Flavor Version Tinstall Tcheck Ttotal Status Flags
r-devel-linux-x86_64-debian-clang 0.8.7.3 33.71 60.39 94.10 NOTE
r-devel-linux-x86_64-debian-gcc 0.8.7.3 27.69 47.89 75.58 NOTE
r-devel-linux-x86_64-fedora-clang 0.8.7.3 152.11 NOTE
r-devel-linux-x86_64-fedora-gcc 0.8.7.3 207.11 NOTE
r-devel-windows-x86_64 0.8.7.3 38.00 100.00 138.00 NOTE
r-patched-linux-x86_64 0.8.7.3 36.82 60.59 97.41 NOTE
r-release-linux-x86_64 0.8.7.3 35.33 60.73 96.06 NOTE
r-release-macos-arm64 0.8.7.3 68.00 NOTE
r-release-macos-x86_64 0.8.7.3 126.00 NOTE
r-release-windows-x86_64 0.8.7.3 37.00 101.00 138.00 NOTE
r-oldrel-macos-arm64 0.8.7.3 54.00 NOTE
r-oldrel-macos-x86_64 0.8.7.3 105.00 NOTE
r-oldrel-windows-x86_64 0.8.7.3 44.00 115.00 159.00 NOTE

Check Details

Version: 0.8.7.3
Check: CRAN incoming feasibility
Result: NOTE Maintainer: ‘Michael Braun <braunm@smu.edu>’ Package CITATION file contains call(s) to old-style personList() or as.personList(). Please use c() on person objects instead. Package CITATION file contains call(s) to old-style citEntry(). Please use bibentry() instead. Flavors: r-devel-linux-x86_64-debian-clang, r-devel-linux-x86_64-debian-gcc

Version: 0.8.7.3
Check: C++ specification
Result: NOTE Specified C++11: please drop specification unless essential Flavors: r-devel-linux-x86_64-debian-clang, r-devel-linux-x86_64-debian-gcc, r-devel-linux-x86_64-fedora-clang, r-devel-linux-x86_64-fedora-gcc, r-devel-windows-x86_64, r-patched-linux-x86_64, r-release-linux-x86_64, r-release-macos-arm64, r-release-macos-x86_64, r-release-windows-x86_64, r-oldrel-macos-arm64, r-oldrel-macos-x86_64, r-oldrel-windows-x86_64

Version: 0.8.7.3
Check: installed package size
Result: NOTE installed size is 8.4Mb sub-directories of 1Mb or more: libs 8.1Mb Flavors: r-oldrel-macos-arm64, r-oldrel-macos-x86_64