Last updated on 2025-02-18 02:50:52 CET.
Flavor | Version | Tinstall | Tcheck | Ttotal | Status | Flags |
---|---|---|---|---|---|---|
r-devel-linux-x86_64-debian-clang | 0.1-13.1 | 4.21 | 23.26 | 27.47 | OK | |
r-devel-linux-x86_64-debian-gcc | 0.1-13.1 | 3.43 | 18.76 | 22.19 | OK | |
r-devel-linux-x86_64-fedora-clang | 0.1-13.1 | 44.90 | NOTE | |||
r-devel-linux-x86_64-fedora-gcc | 0.1-13.1 | 41.01 | NOTE | |||
r-devel-macos-arm64 | 0.1-13.1 | 19.00 | OK | |||
r-devel-macos-x86_64 | 0.1-13.1 | 31.00 | OK | |||
r-devel-windows-x86_64 | 0.1-13.1 | 10.00 | 50.00 | 60.00 | OK | |
r-patched-linux-x86_64 | 0.1-13.1 | 4.09 | 22.11 | 26.20 | OK | |
r-release-linux-x86_64 | 0.1-13.1 | 3.86 | 22.71 | 26.57 | OK | |
r-release-macos-arm64 | 0.1-13.1 | 20.00 | OK | |||
r-release-macos-x86_64 | 0.1-13.1 | 26.00 | OK | |||
r-release-windows-x86_64 | 0.1-13.1 | 10.00 | 49.00 | 59.00 | OK | |
r-oldrel-macos-arm64 | 0.1-13.1 | 30.00 | OK | |||
r-oldrel-macos-x86_64 | 0.1-13.1 | 27.00 | OK | |||
r-oldrel-windows-x86_64 | 0.1-13.1 | 10.00 | 45.00 | 55.00 | OK |
Version: 0.1-13.1
Check: compiled code
Result: NOTE
File ‘tseriesChaos/libs/tseriesChaos.so’:
Found no calls to: ‘R_registerRoutines’, ‘R_useDynamicSymbols’
It is good practice to register native routines and to disable symbol
search.
See ‘Writing portable packages’ in the ‘Writing R Extensions’ manual.
Flavors: r-devel-linux-x86_64-fedora-clang, r-devel-linux-x86_64-fedora-gcc