Last updated on 2024-05-21 14:57:28 CEST.
Flavor | Version | Tinstall | Tcheck | Ttotal | Status | Flags |
---|---|---|---|---|---|---|
r-devel-linux-x86_64-debian-clang | 0.1.0 | 11.98 | 83.95 | 95.93 | OK | |
r-devel-linux-x86_64-debian-gcc | 0.1.0 | 9.67 | 62.95 | 72.62 | OK | |
r-devel-linux-x86_64-fedora-clang | 0.1.0 | 122.96 | NOTE | |||
r-devel-linux-x86_64-fedora-gcc | 0.1.0 | 111.26 | NOTE | |||
r-devel-windows-x86_64 | 0.1.0 | 12.00 | 78.00 | 90.00 | OK | |
r-patched-linux-x86_64 | 0.1.0 | 7.88 | 80.49 | 88.37 | OK | |
r-release-linux-x86_64 | 0.1.0 | 7.48 | 80.55 | 88.03 | OK | |
r-release-macos-arm64 | 0.1.0 | 36.00 | OK | |||
r-release-windows-x86_64 | 0.1.0 | 11.00 | 79.00 | 90.00 | OK | |
r-oldrel-macos-arm64 | 0.1.0 | 38.00 | OK | |||
r-oldrel-macos-x86_64 | 0.1.0 | 58.00 | OK | |||
r-oldrel-windows-x86_64 | 0.1.0 | 14.00 | 90.00 | 104.00 | OK |
Version: 0.1.0
Check: dependencies in R code
Result: NOTE
Namespaces in Imports field not imported from:
‘R6’ ‘crosstalk’
All declared Imports should be used.
Flavors: r-devel-linux-x86_64-fedora-clang, r-devel-linux-x86_64-fedora-gcc