Last updated on 2025-05-10 02:49:59 CEST.
Flavor | Version | Tinstall | Tcheck | Ttotal | Status | Flags |
---|---|---|---|---|---|---|
r-devel-linux-x86_64-debian-clang | 0.4.15 | 36.19 | 103.68 | 139.87 | NOTE | |
r-devel-linux-x86_64-debian-gcc | 0.4.15 | 27.32 | 68.52 | 95.84 | NOTE | |
r-devel-linux-x86_64-fedora-clang | 0.4.15 | 226.27 | NOTE | |||
r-devel-linux-x86_64-fedora-gcc | 0.4.15 | 250.10 | NOTE | |||
r-devel-windows-x86_64 | 0.4.15 | 44.00 | 139.00 | 183.00 | NOTE | |
r-patched-linux-x86_64 | 0.4.15 | 35.81 | 96.41 | 132.22 | NOTE | |
r-release-linux-x86_64 | 0.4.15 | 37.83 | 96.51 | 134.34 | NOTE | |
r-release-macos-arm64 | 0.4.15 | 85.00 | NOTE | |||
r-release-macos-x86_64 | 0.4.15 | 142.00 | NOTE | |||
r-release-windows-x86_64 | 0.4.15 | 42.00 | 150.00 | 192.00 | NOTE | |
r-oldrel-macos-arm64 | 0.4.15 | 43.00 | NOTE | |||
r-oldrel-macos-x86_64 | 0.4.15 | 71.00 | NOTE | |||
r-oldrel-windows-x86_64 | 0.4.15 | 52.00 | 180.00 | 232.00 | NOTE |
Version: 0.4.15
Check: C++ specification
Result: NOTE
Specified C++11: please drop specification unless essential
Flavors: r-devel-linux-x86_64-debian-clang, r-devel-linux-x86_64-debian-gcc, r-devel-linux-x86_64-fedora-clang, r-devel-linux-x86_64-fedora-gcc, r-devel-windows-x86_64, r-patched-linux-x86_64, r-release-linux-x86_64, r-release-macos-arm64, r-release-macos-x86_64, r-release-windows-x86_64, r-oldrel-macos-arm64, r-oldrel-macos-x86_64, r-oldrel-windows-x86_64
Version: 0.4.15
Check: installed package size
Result: NOTE
installed size is 8.7Mb
sub-directories of 1Mb or more:
data 4.6Mb
libs 2.7Mb
Flavors: r-oldrel-macos-arm64, r-oldrel-macos-x86_64, r-oldrel-windows-x86_64
Version: 0.4.15
Check: for GNU extensions in Makefiles
Result: NOTE
GNU make is a SystemRequirements.
Flavors: r-oldrel-macos-arm64, r-oldrel-macos-x86_64, r-oldrel-windows-x86_64