Last updated on 2025-02-21 02:52:28 CET.
Flavor | Version | Tinstall | Tcheck | Ttotal | Status | Flags |
---|---|---|---|---|---|---|
r-devel-linux-x86_64-debian-clang | 0.4.15 | 35.08 | 99.43 | 134.51 | NOTE | |
r-devel-linux-x86_64-debian-gcc | 0.4.15 | 26.56 | 70.35 | 96.91 | NOTE | |
r-devel-linux-x86_64-fedora-clang | 0.4.15 | 264.38 | NOTE | |||
r-devel-linux-x86_64-fedora-gcc | 0.4.15 | 238.21 | NOTE | |||
r-devel-macos-arm64 | 0.4.15 | 66.00 | NOTE | |||
r-devel-macos-x86_64 | 0.4.15 | 134.00 | NOTE | |||
r-devel-windows-x86_64 | 0.4.15 | 40.00 | 146.00 | 186.00 | NOTE | |
r-patched-linux-x86_64 | 0.4.15 | 37.57 | 94.64 | 132.21 | NOTE | |
r-release-linux-x86_64 | 0.4.15 | 37.28 | 94.17 | 131.45 | NOTE | |
r-release-macos-arm64 | 0.4.15 | 43.00 | NOTE | |||
r-release-macos-x86_64 | 0.4.15 | 71.00 | NOTE | |||
r-release-windows-x86_64 | 0.4.15 | 41.00 | 146.00 | 187.00 | NOTE | |
r-oldrel-macos-arm64 | 0.4.15 | 71.00 | NOTE | |||
r-oldrel-macos-x86_64 | 0.4.15 | 114.00 | NOTE | |||
r-oldrel-windows-x86_64 | 0.4.15 | 49.00 | 159.00 | 208.00 | NOTE |
Version: 0.4.15
Check: C++ specification
Result: NOTE
Specified C++11: please drop specification unless essential
Flavors: r-devel-linux-x86_64-debian-clang, r-devel-linux-x86_64-debian-gcc, r-devel-linux-x86_64-fedora-clang, r-devel-linux-x86_64-fedora-gcc, r-devel-macos-arm64, r-devel-macos-x86_64, r-devel-windows-x86_64, r-patched-linux-x86_64, r-release-linux-x86_64, r-release-macos-arm64, r-release-macos-x86_64, r-release-windows-x86_64, r-oldrel-macos-arm64, r-oldrel-macos-x86_64, r-oldrel-windows-x86_64
Version: 0.4.15
Check: for GNU extensions in Makefiles
Result: NOTE
GNU make is a SystemRequirements.
Flavors: r-patched-linux-x86_64, r-release-linux-x86_64, r-release-macos-arm64, r-release-macos-x86_64, r-release-windows-x86_64, r-oldrel-macos-arm64, r-oldrel-macos-x86_64, r-oldrel-windows-x86_64
Version: 0.4.15
Check: installed package size
Result: NOTE
installed size is 8.7Mb
sub-directories of 1Mb or more:
data 4.6Mb
libs 2.7Mb
Flavors: r-release-macos-arm64, r-release-macos-x86_64, r-release-windows-x86_64, r-oldrel-macos-arm64, r-oldrel-macos-x86_64, r-oldrel-windows-x86_64