Last updated on 2025-02-20 14:51:12 CET.
Flavor | Version | Tinstall | Tcheck | Ttotal | Status | Flags |
---|---|---|---|---|---|---|
r-devel-linux-x86_64-debian-clang | 1.0.787 | 16.22 | 122.54 | 138.76 | NOTE | |
r-devel-linux-x86_64-debian-gcc | 1.0.787 | 10.59 | 85.10 | 95.69 | NOTE | |
r-devel-linux-x86_64-fedora-clang | 1.0.787 | 239.42 | NOTE | |||
r-devel-linux-x86_64-fedora-gcc | 1.0.787 | 202.83 | NOTE | |||
r-devel-macos-arm64 | 1.0.787 | 64.00 | OK | |||
r-devel-macos-x86_64 | 1.0.787 | 109.00 | NOTE | |||
r-devel-windows-x86_64 | 1.0.787 | 18.00 | 141.00 | 159.00 | NOTE | |
r-patched-linux-x86_64 | 1.0.787 | 16.15 | 112.66 | 128.81 | OK | |
r-release-linux-x86_64 | 1.0.787 | 13.97 | 110.85 | 124.82 | OK | |
r-release-macos-arm64 | 1.0.787 | 62.00 | OK | |||
r-release-macos-x86_64 | 1.0.787 | 93.00 | OK | |||
r-release-windows-x86_64 | 1.0.787 | 16.00 | 128.00 | 144.00 | OK | |
r-oldrel-macos-arm64 | 1.0.787 | 60.00 | OK | |||
r-oldrel-macos-x86_64 | 1.0.787 | 116.00 | OK | |||
r-oldrel-windows-x86_64 | 1.0.787 | 21.00 | 165.00 | 186.00 | OK |
Version: 1.0.787
Check: DESCRIPTION meta-information
Result: NOTE
Missing dependency on R >= 4.1.0 because package code uses the pipe
|> or function shorthand \(...) syntax added in R 4.1.0.
File(s) using such syntax:
‘ts_maintune.R’
Flavors: r-devel-linux-x86_64-debian-clang, r-devel-linux-x86_64-debian-gcc, r-devel-linux-x86_64-fedora-clang, r-devel-linux-x86_64-fedora-gcc, r-devel-macos-x86_64, r-devel-windows-x86_64