Last updated on 2025-02-21 02:52:28 CET.
Flavor | Version | Tinstall | Tcheck | Ttotal | Status | Flags |
---|---|---|---|---|---|---|
r-devel-linux-x86_64-debian-clang | 0.9.9 | 5.91 | 52.21 | 58.12 | NOTE | |
r-devel-linux-x86_64-debian-gcc | 0.9.9 | 4.51 | 39.17 | 43.68 | NOTE | |
r-devel-linux-x86_64-fedora-clang | 0.9.9 | 104.64 | OK | |||
r-devel-linux-x86_64-fedora-gcc | 0.9.9 | 101.16 | OK | |||
r-devel-macos-arm64 | 0.9.9 | 36.00 | OK | |||
r-devel-macos-x86_64 | 0.9.9 | 81.00 | OK | |||
r-devel-windows-x86_64 | 0.9.9 | 8.00 | 86.00 | 94.00 | NOTE | |
r-patched-linux-x86_64 | 0.9.9 | 11.14 | 48.50 | 59.64 | NOTE | |
r-release-linux-x86_64 | 0.9.9 | 4.85 | 48.69 | 53.54 | NOTE | |
r-release-macos-arm64 | 0.9.9 | 36.00 | NOTE | |||
r-release-macos-x86_64 | 0.9.9 | 59.00 | NOTE | |||
r-release-windows-x86_64 | 0.9.9 | 8.00 | 80.00 | 88.00 | NOTE | |
r-oldrel-macos-arm64 | 0.9.9 | 37.00 | NOTE | |||
r-oldrel-macos-x86_64 | 0.9.9 | 54.00 | NOTE | |||
r-oldrel-windows-x86_64 | 0.9.9 | 9.00 | 101.00 | 110.00 | NOTE |
Version: 0.9.9
Check: Rd cross-references
Result: NOTE
Found the following Rd file(s) with Rd \link{} targets missing package
anchors:
list_captions.Rd: GET
upload_caption.Rd: POST
upload_video.Rd: POST
yt_oauth.Rd: oauth2.0_token
Please provide package anchors for all Rd \link{} targets not in the
package itself and the base packages.
Flavors: r-devel-linux-x86_64-debian-clang, r-devel-linux-x86_64-debian-gcc, r-devel-windows-x86_64
Version: 0.9.9
Check: LazyData
Result: NOTE
'LazyData' is specified without a 'data' directory
Flavors: r-patched-linux-x86_64, r-release-linux-x86_64, r-release-macos-arm64, r-release-macos-x86_64, r-release-windows-x86_64, r-oldrel-macos-arm64, r-oldrel-macos-x86_64, r-oldrel-windows-x86_64