Last updated on 2024-05-21 14:57:28 CEST.
Flavor | Version | Tinstall | Tcheck | Ttotal | Status | Flags |
---|---|---|---|---|---|---|
r-devel-linux-x86_64-debian-clang | 1.0.0 | 1.83 | 21.13 | 22.96 | NOTE | |
r-devel-linux-x86_64-debian-gcc | 1.0.0 | 1.44 | 16.76 | 18.20 | NOTE | |
r-devel-linux-x86_64-fedora-clang | 1.0.0 | 30.21 | NOTE | |||
r-devel-linux-x86_64-fedora-gcc | 1.0.0 | 29.07 | NOTE | |||
r-devel-windows-x86_64 | 1.0.0 | 3.00 | 36.00 | 39.00 | NOTE | |
r-patched-linux-x86_64 | 1.0.0 | 1.72 | 20.71 | 22.43 | NOTE | |
r-release-linux-x86_64 | 1.0.0 | 1.95 | 20.92 | 22.87 | NOTE | |
r-release-macos-arm64 | 1.0.0 | 13.00 | NOTE | |||
r-release-windows-x86_64 | 1.0.0 | 3.00 | 34.00 | 37.00 | NOTE | |
r-oldrel-macos-arm64 | 1.0.0 | 14.00 | NOTE | |||
r-oldrel-macos-x86_64 | 1.0.0 | 19.00 | NOTE | |||
r-oldrel-windows-x86_64 | 1.0.0 | 4.00 | 35.00 | 39.00 | NOTE |
Version: 1.0.0
Check: LazyData
Result: NOTE
'LazyData' is specified without a 'data' directory
Flavors: r-devel-linux-x86_64-debian-clang, r-devel-linux-x86_64-debian-gcc, r-devel-linux-x86_64-fedora-clang, r-devel-linux-x86_64-fedora-gcc, r-devel-windows-x86_64, r-patched-linux-x86_64, r-release-linux-x86_64, r-release-macos-arm64, r-release-windows-x86_64, r-oldrel-macos-arm64, r-oldrel-macos-x86_64, r-oldrel-windows-x86_64