Last updated on 2024-05-21 02:54:42 CEST.
Flavor | Version | Tinstall | Tcheck | Ttotal | Status | Flags |
---|---|---|---|---|---|---|
r-devel-linux-x86_64-debian-clang | 0.1.1 | 23.34 | 33.47 | 56.81 | NOTE | |
r-devel-linux-x86_64-debian-gcc | 0.1.1 | 21.84 | 26.02 | 47.86 | NOTE | |
r-devel-linux-x86_64-fedora-clang | 0.1.1 | 78.09 | NOTE | |||
r-devel-linux-x86_64-fedora-gcc | 0.1.1 | 77.31 | NOTE | |||
r-devel-windows-x86_64 | 0.1.1 | 21.00 | 53.00 | 74.00 | NOTE | |
r-patched-linux-x86_64 | 0.1.1 | 28.81 | 31.35 | 60.16 | NOTE | |
r-release-linux-x86_64 | 0.1.1 | 25.09 | 32.10 | 57.19 | NOTE | |
r-release-macos-arm64 | 0.1.1 | 33.00 | NOTE | |||
r-release-windows-x86_64 | 0.1.1 | 19.00 | 54.00 | 73.00 | NOTE | |
r-oldrel-macos-arm64 | 0.1.1 | 35.00 | NOTE | |||
r-oldrel-macos-x86_64 | 0.1.1 | 57.00 | NOTE | |||
r-oldrel-windows-x86_64 | 0.1.1 | 28.00 | 58.00 | 86.00 | NOTE |
Version: 0.1.1
Check: package subdirectories
Result: NOTE
Problems with news in ‘NEWS.md’:
No news entries found.
Flavors: r-devel-linux-x86_64-debian-clang, r-devel-linux-x86_64-debian-gcc, r-devel-linux-x86_64-fedora-clang, r-devel-linux-x86_64-fedora-gcc, r-devel-windows-x86_64, r-patched-linux-x86_64, r-release-linux-x86_64, r-release-macos-arm64, r-release-windows-x86_64, r-oldrel-macos-arm64, r-oldrel-macos-x86_64, r-oldrel-windows-x86_64
Version: 0.1.1
Check: Rd files
Result: NOTE
checkRd: (-1) cambodia.Rd:47: Lost braces
47 | (\doi{10.1371/journal.pmed.1000253}{10.1371/journal.pmed.1000253})
| ^
checkRd: (-1) microdata.Rd:33: Lost braces
33 | (\doi{10.1371/journal.pmed.1000253}{10.1371/journal.pmed.1000253})
| ^
checkRd: (-1) u5mr_cohort.Rd:111: Lost braces
111 | (\doi{10.1371/journal.pmed.1000253}{10.1371/journal.pmed.1000253})
| ^
Flavors: r-devel-linux-x86_64-debian-clang, r-devel-linux-x86_64-debian-gcc, r-devel-linux-x86_64-fedora-clang, r-devel-linux-x86_64-fedora-gcc, r-devel-windows-x86_64, r-patched-linux-x86_64, r-release-linux-x86_64, r-release-macos-arm64, r-release-windows-x86_64
Version: 0.1.1
Check: dependencies in R code
Result: NOTE
Namespace in Imports field not imported from: ‘lifecycle’
All declared Imports should be used.
Flavors: r-devel-linux-x86_64-fedora-clang, r-devel-linux-x86_64-fedora-gcc