Last updated on 2025-02-21 02:52:28 CET.
Flavor | Version | Tinstall | Tcheck | Ttotal | Status | Flags |
---|---|---|---|---|---|---|
r-devel-linux-x86_64-debian-clang | 0.2.2 | 4.04 | 39.00 | 43.04 | OK | |
r-devel-linux-x86_64-debian-gcc | 0.2.2 | 2.72 | 29.13 | 31.85 | OK | |
r-devel-linux-x86_64-fedora-clang | 0.2.2 | 73.59 | OK | |||
r-devel-linux-x86_64-fedora-gcc | 0.2.2 | 77.64 | OK | |||
r-devel-macos-arm64 | 0.2.2 | 36.00 | OK | |||
r-devel-macos-x86_64 | 0.2.2 | 59.00 | OK | |||
r-devel-windows-x86_64 | 0.2.2 | 6.00 | 61.00 | 67.00 | OK | |
r-patched-linux-x86_64 | 0.2.2 | 4.22 | 36.48 | 40.70 | NOTE | |
r-release-linux-x86_64 | 0.2.2 | 3.42 | 36.38 | 39.80 | NOTE | |
r-release-macos-arm64 | 0.2.2 | 32.00 | NOTE | |||
r-release-macos-x86_64 | 0.2.2 | 49.00 | NOTE | |||
r-release-windows-x86_64 | 0.2.2 | 6.00 | 59.00 | 65.00 | NOTE | |
r-oldrel-macos-arm64 | 0.2.2 | 31.00 | NOTE | |||
r-oldrel-macos-x86_64 | 0.2.2 | 43.00 | NOTE | |||
r-oldrel-windows-x86_64 | 0.2.2 | 8.00 | 88.00 | 96.00 | NOTE |
Version: 0.2.2
Check: LazyData
Result: NOTE
'LazyData' is specified without a 'data' directory
Flavors: r-patched-linux-x86_64, r-release-linux-x86_64, r-release-macos-arm64, r-release-macos-x86_64, r-release-windows-x86_64, r-oldrel-macos-arm64, r-oldrel-macos-x86_64, r-oldrel-windows-x86_64