CRAN Package Check Results for Package unisensR

Last updated on 2025-02-21 02:52:28 CET.

Flavor Version Tinstall Tcheck Ttotal Status Flags
r-devel-linux-x86_64-debian-clang 0.3.3 1.79 27.71 29.50 OK
r-devel-linux-x86_64-debian-gcc 0.3.3 1.38 22.01 23.39 OK
r-devel-linux-x86_64-fedora-clang 0.3.3 49.71 OK
r-devel-linux-x86_64-fedora-gcc 0.3.3 50.16 OK
r-devel-macos-arm64 0.3.3 20.00 OK
r-devel-macos-x86_64 0.3.3 37.00 OK
r-devel-windows-x86_64 0.3.3 4.00 58.00 62.00 OK
r-patched-linux-x86_64 0.3.3 2.12 27.28 29.40 NOTE
r-release-linux-x86_64 0.3.3 1.83 27.64 29.47 NOTE
r-release-macos-arm64 0.3.3 22.00 NOTE
r-release-macos-x86_64 0.3.3 29.00 NOTE
r-release-windows-x86_64 0.3.3 4.00 50.00 54.00 NOTE
r-oldrel-macos-arm64 0.3.3 22.00 NOTE
r-oldrel-macos-x86_64 0.3.3 31.00 NOTE
r-oldrel-windows-x86_64 0.3.3 4.00 54.00 58.00 NOTE

Check Details

Version: 0.3.3
Check: LazyData
Result: NOTE 'LazyData' is specified without a 'data' directory Flavors: r-patched-linux-x86_64, r-release-linux-x86_64, r-release-macos-arm64, r-release-macos-x86_64, r-release-windows-x86_64, r-oldrel-macos-arm64, r-oldrel-macos-x86_64, r-oldrel-windows-x86_64