Last updated on 2024-05-21 14:57:28 CEST.
Flavor | Version | Tinstall | Tcheck | Ttotal | Status | Flags |
---|---|---|---|---|---|---|
r-devel-linux-x86_64-debian-clang | 0.4 | 6.31 | 44.43 | 50.74 | NOTE | |
r-devel-linux-x86_64-debian-gcc | 0.4 | 4.66 | 33.81 | 38.47 | NOTE | |
r-devel-linux-x86_64-fedora-clang | 0.4 | 64.57 | NOTE | |||
r-devel-linux-x86_64-fedora-gcc | 0.4 | 74.54 | NOTE | |||
r-devel-windows-x86_64 | 0.4 | 5.00 | 62.00 | 67.00 | NOTE | |
r-patched-linux-x86_64 | 0.4 | 6.98 | 42.94 | 49.92 | NOTE | |
r-release-linux-x86_64 | 0.4 | 5.73 | 43.09 | 48.82 | NOTE | |
r-release-macos-arm64 | 0.4 | 28.00 | NOTE | |||
r-release-windows-x86_64 | 0.4 | 5.00 | 64.00 | 69.00 | NOTE | |
r-oldrel-macos-arm64 | 0.4 | 32.00 | NOTE | |||
r-oldrel-macos-x86_64 | 0.4 | 44.00 | NOTE | |||
r-oldrel-windows-x86_64 | 0.4 | 7.00 | 62.00 | 69.00 | NOTE |
Version: 0.4
Check: Rd files
Result: NOTE
checkRd: (-1) simRedCard.Rd:22: Lost braces in \itemize; \value handles \item{}{} directly
checkRd: (-1) simRedCard.Rd:23: Lost braces in \itemize; \value handles \item{}{} directly
Flavors: r-devel-linux-x86_64-debian-clang, r-devel-linux-x86_64-debian-gcc, r-devel-linux-x86_64-fedora-clang, r-devel-linux-x86_64-fedora-gcc, r-devel-windows-x86_64, r-patched-linux-x86_64, r-release-linux-x86_64, r-release-macos-arm64, r-release-windows-x86_64
Version: 0.4
Check: LazyData
Result: NOTE
'LazyData' is specified without a 'data' directory
Flavors: r-devel-linux-x86_64-debian-clang, r-devel-linux-x86_64-debian-gcc, r-devel-linux-x86_64-fedora-clang, r-devel-linux-x86_64-fedora-gcc, r-devel-windows-x86_64, r-patched-linux-x86_64, r-release-linux-x86_64, r-release-macos-arm64, r-release-windows-x86_64, r-oldrel-macos-arm64, r-oldrel-macos-x86_64, r-oldrel-windows-x86_64