CRAN Package Check Results for Package unjoin

Last updated on 2025-02-18 02:50:52 CET.

Flavor Version Tinstall Tcheck Ttotal Status Flags
r-devel-linux-x86_64-debian-clang 0.1.0 3.92 32.82 36.74 OK
r-devel-linux-x86_64-debian-gcc 0.1.0 2.55 24.59 27.14 OK
r-devel-linux-x86_64-fedora-clang 0.1.0 59.14 OK
r-devel-linux-x86_64-fedora-gcc 0.1.0 54.38 OK
r-devel-macos-arm64 0.1.0 22.00 OK
r-devel-macos-x86_64 0.1.0 36.00 OK
r-devel-windows-x86_64 0.1.0 5.00 51.00 56.00 OK
r-patched-linux-x86_64 0.1.0 3.22 30.28 33.50 NOTE
r-release-linux-x86_64 0.1.0 3.21 30.34 33.55 NOTE
r-release-macos-arm64 0.1.0 21.00 NOTE
r-release-macos-x86_64 0.1.0 31.00 NOTE
r-release-windows-x86_64 0.1.0 6.00 50.00 56.00 NOTE
r-oldrel-macos-arm64 0.1.0 22.00 NOTE
r-oldrel-macos-x86_64 0.1.0 31.00 NOTE
r-oldrel-windows-x86_64 0.1.0 6.00 77.00 83.00 NOTE

Check Details

Version: 0.1.0
Check: LazyData
Result: NOTE 'LazyData' is specified without a 'data' directory Flavors: r-patched-linux-x86_64, r-release-linux-x86_64, r-release-macos-arm64, r-release-macos-x86_64, r-release-windows-x86_64, r-oldrel-macos-arm64, r-oldrel-macos-x86_64, r-oldrel-windows-x86_64