Last updated on 2025-05-05 14:49:15 CEST.
Flavor | Version | Tinstall | Tcheck | Ttotal | Status | Flags |
---|---|---|---|---|---|---|
r-devel-linux-x86_64-debian-clang | 1.5.0 | 383.15 | 278.61 | 661.76 | OK | |
r-devel-linux-x86_64-debian-gcc | 1.5.0 | 276.02 | 208.92 | 484.94 | OK | |
r-devel-linux-x86_64-fedora-clang | 1.5.0 | 1157.83 | OK | |||
r-devel-linux-x86_64-fedora-gcc | 1.5.0 | 1288.99 | OK | |||
r-devel-windows-x86_64 | 1.5.0 | 403.00 | 318.00 | 721.00 | OK | |
r-patched-linux-x86_64 | 1.5.0 | 386.28 | 277.14 | 663.42 | OK | |
r-release-linux-x86_64 | 1.5.0 | 383.85 | 288.24 | 672.09 | OK | |
r-release-macos-arm64 | 1.5.0 | 273.00 | OK | |||
r-release-macos-x86_64 | 1.5.0 | 514.00 | OK | |||
r-release-windows-x86_64 | 1.5.0 | 402.00 | 319.00 | 721.00 | OK | |
r-oldrel-macos-arm64 | 1.5.0 | 244.00 | NOTE | |||
r-oldrel-macos-x86_64 | 1.5.0 | 460.00 | NOTE | |||
r-oldrel-windows-x86_64 | 1.5.0 | 486.00 | 405.00 | 891.00 | NOTE |
Version: 1.5.0
Check: installed package size
Result: NOTE
installed size is 66.4Mb
sub-directories of 1Mb or more:
R 2.0Mb
doc 1.3Mb
libs 62.1Mb
Flavors: r-oldrel-macos-arm64, r-oldrel-macos-x86_64, r-oldrel-windows-x86_64
Version: 1.5.0
Check: for GNU extensions in Makefiles
Result: NOTE
GNU make is a SystemRequirements.
Flavors: r-oldrel-macos-arm64, r-oldrel-macos-x86_64, r-oldrel-windows-x86_64