CRAN Package Check Results for Package unmconf

Last updated on 2025-05-19 02:49:51 CEST.

Flavor Version Tinstall Tcheck Ttotal Status Flags
r-devel-linux-x86_64-debian-clang 1.0.0 4.59 94.55 99.14 NOTE
r-devel-linux-x86_64-debian-gcc 1.0.0 3.45 62.73 66.18 NOTE
r-devel-linux-x86_64-fedora-clang 1.0.0 158.67 NOTE
r-devel-linux-x86_64-fedora-gcc 1.0.0 172.20 NOTE
r-devel-windows-x86_64 1.0.0 6.00 124.00 130.00 NOTE
r-patched-linux-x86_64 1.0.0 5.32 90.55 95.87 NOTE
r-release-linux-x86_64 1.0.0 4.38 92.46 96.84 NOTE
r-release-macos-arm64 1.0.0 53.00 NOTE
r-release-macos-x86_64 1.0.0 111.00 NOTE
r-release-windows-x86_64 1.0.0 8.00 124.00 132.00 NOTE
r-oldrel-macos-arm64 1.0.0 54.00 OK
r-oldrel-macos-x86_64 1.0.0 99.00 OK
r-oldrel-windows-x86_64 1.0.0 7.00 143.00 150.00 OK

Check Details

Version: 1.0.0
Check: DESCRIPTION meta-information
Result: NOTE Missing dependency on R >= 4.1.0 because package code uses the pipe |> or function shorthand \(...) syntax added in R 4.1.0. File(s) using such syntax: ‘runm.Rd’ ‘unm_summary.R’ Flavors: r-devel-linux-x86_64-debian-clang, r-devel-linux-x86_64-debian-gcc, r-devel-linux-x86_64-fedora-clang, r-devel-linux-x86_64-fedora-gcc, r-devel-windows-x86_64, r-patched-linux-x86_64, r-release-linux-x86_64, r-release-macos-arm64, r-release-windows-x86_64

Version: 1.0.0
Check: DESCRIPTION meta-information
Result: NOTE Missing dependency on R >= 4.1.0 because package code uses the pipe |> or function shorthand \(...) syntax added in R 4.1.0. File(s) using such syntax: ‘unm_summary.R’ Flavor: r-release-macos-x86_64