Last updated on 2024-05-21 14:57:28 CEST.
Flavor | Version | Tinstall | Tcheck | Ttotal | Status | Flags |
---|---|---|---|---|---|---|
r-devel-linux-x86_64-debian-clang | 0.2.0 | 40.94 | 28.49 | 69.43 | NOTE | |
r-devel-linux-x86_64-debian-gcc | 0.2.0 | 23.78 | 21.87 | 45.65 | NOTE | |
r-devel-linux-x86_64-fedora-clang | 0.2.0 | 89.61 | NOTE | |||
r-devel-linux-x86_64-fedora-gcc | 0.2.0 | 83.51 | NOTE | |||
r-devel-windows-x86_64 | 0.2.0 | 29.00 | 57.00 | 86.00 | NOTE | |
r-patched-linux-x86_64 | 0.2.0 | 37.45 | 27.47 | 64.92 | NOTE | |
r-release-linux-x86_64 | 0.2.0 | 33.73 | 27.26 | 60.99 | NOTE | |
r-release-macos-arm64 | 0.2.0 | 24.00 | NOTE | |||
r-release-windows-x86_64 | 0.2.0 | 29.00 | 59.00 | 88.00 | NOTE | |
r-oldrel-macos-arm64 | 0.2.0 | 26.00 | NOTE | |||
r-oldrel-macos-x86_64 | 0.2.0 | 39.00 | NOTE | |||
r-oldrel-windows-x86_64 | 0.2.0 | 36.00 | 66.00 | 102.00 | NOTE |
Version: 0.2.0
Check: LazyData
Result: NOTE
'LazyData' is specified without a 'data' directory
Flavors: r-devel-linux-x86_64-debian-clang, r-devel-linux-x86_64-debian-gcc, r-devel-linux-x86_64-fedora-clang, r-devel-linux-x86_64-fedora-gcc, r-devel-windows-x86_64, r-patched-linux-x86_64, r-release-linux-x86_64, r-release-macos-arm64, r-release-windows-x86_64, r-oldrel-macos-arm64, r-oldrel-macos-x86_64, r-oldrel-windows-x86_64