Last updated on 2025-02-18 02:50:52 CET.
Flavor | Version | Tinstall | Tcheck | Ttotal | Status | Flags |
---|---|---|---|---|---|---|
r-devel-linux-x86_64-debian-clang | 1.7.3 | 40.29 | 31.25 | 71.54 | NOTE | |
r-devel-linux-x86_64-debian-gcc | 1.7.3 | 31.52 | 24.01 | 55.53 | NOTE | |
r-devel-linux-x86_64-fedora-clang | 1.7.3 | 133.13 | NOTE | |||
r-devel-linux-x86_64-fedora-gcc | 1.7.3 | 150.46 | NOTE | |||
r-devel-macos-arm64 | 1.7.3 | 43.00 | NOTE | |||
r-devel-macos-x86_64 | 1.7.3 | 61.00 | NOTE | |||
r-devel-windows-x86_64 | 1.7.3 | 48.00 | 72.00 | 120.00 | NOTE | |
r-patched-linux-x86_64 | 1.7.3 | 43.91 | 29.83 | 73.74 | NOTE | |
r-release-linux-x86_64 | 1.7.3 | 44.48 | 30.10 | 74.58 | NOTE | |
r-release-macos-arm64 | 1.7.3 | 48.00 | NOTE | |||
r-release-macos-x86_64 | 1.7.3 | 54.00 | NOTE | |||
r-release-windows-x86_64 | 1.7.3 | 51.00 | 73.00 | 124.00 | NOTE | |
r-oldrel-macos-arm64 | 1.7.3 | 50.00 | OK | |||
r-oldrel-macos-x86_64 | 1.7.3 | 83.00 | OK | |||
r-oldrel-windows-x86_64 | 1.7.3 | 58.00 | 100.00 | 158.00 | OK |
Version: 1.7.3
Check: Rd files
Result: NOTE
checkRd: (-1) encoder.Rd:32-37: Lost braces in \itemize; meant \describe ?
checkRd: (-1) encoder.Rd:38-44: Lost braces in \itemize; meant \describe ?
checkRd: (-1) encoder.Rd:45-48: Lost braces in \itemize; meant \describe ?
Flavors: r-devel-linux-x86_64-debian-clang, r-devel-linux-x86_64-debian-gcc, r-devel-linux-x86_64-fedora-clang, r-devel-linux-x86_64-fedora-gcc, r-devel-macos-arm64, r-devel-macos-x86_64, r-devel-windows-x86_64, r-patched-linux-x86_64, r-release-linux-x86_64, r-release-macos-arm64, r-release-macos-x86_64, r-release-windows-x86_64